{"id":14583,"date":"2026-04-03T11:47:46","date_gmt":"2026-04-03T11:47:46","guid":{"rendered":"https:\/\/ekco-ci.com\/ecommerce\/?post_type=product&#038;p=14583"},"modified":"2026-04-03T11:47:47","modified_gmt":"2026-04-03T11:47:47","slug":"pampers-baby-dry-bebe-taille-2-32-couches","status":"publish","type":"product","link":"https:\/\/ekco-ci.com\/ecommerce\/produit\/pampers-baby-dry-bebe-taille-2-32-couches\/","title":{"rendered":"Pampers Baby Dry &#8211; B\u00e9b\u00e9 Taille 2 &#8211; 32 Couches"},"content":{"rendered":"<p><img fetchpriority=\"high\" decoding=\"async\" src=\"https:\/\/static.jumia.ci\/cms\/external\/pet\/PA131TBAGKTYNAFAMZ\/28c762b66ecada09544a5c6315358663.jpg\" alt=\"\" width=\"552\" height=\"314\" data-src=\"https:\/\/static.jumia.ci\/cms\/external\/pet\/PA131TBAGKTYNAFAMZ\/28c762b66ecada09544a5c6315358663.jpg\" \/><\/p>\n<h3><em><strong>Absorption<\/strong><\/em><\/h3>\n<p><em>Tr\u00e8s bonne couche, elle retient l\u2019humidit\u00e9 et prot\u00e8ge la peau de b\u00e9b\u00e9 des irritations et des rougeurs.<\/em><\/p>\n<p><em><img decoding=\"async\" src=\"https:\/\/ci.jumia.is\/cms\/external\/pet\/PA178TB0RYBX2NAFAMZ\/701f73adea22b7d06e23689b6077a0c6.jpg\" alt=\"Pampers Swaddlers Diapers Enormous Pack - Size 2 - 148ct - OPEN BOX , eBay\" width=\"522\" height=\"522\" data-src=\"https:\/\/ci.jumia.is\/cms\/external\/pet\/PA178TB0RYBX2NAFAMZ\/701f73adea22b7d06e23689b6077a0c6.jpg\" \/><\/em><\/p>\n<h3><em>Douce et \u00e9lastiques<\/em><\/h3>\n<p><em>Une surface douce et des c\u00f4t\u00e9s \u00e9lastiques prot\u00e8gent la peau d\u00e9licate de b\u00e9b\u00e9 et se r\u00e8glent confortablement \u00e0 son anatomie.<\/em><\/p>\n<p>&lt;img src=&quot;data:;base64,&#8221; alt=&#8221;Pampers\u00ae Premium Protection\u2122 Couches , Pampers\u00ae FR&#8221; width=&#8221;508&#8243; height=&#8221;269&#8243; data-src=&#8221;https:\/\/images.ctfassets.net\/g4icgs65at4c\/4xzRjJbhp2nrptMP8fqZhx\/b051e0c5dba339b4a8d3ad8d0827ef08\/1026_58_Pampers_FR_PPTaped_PDPUpdate_MAR23_visual_1360x720.png?w=1360&amp;h=720&amp;fm=webp&amp;q=70&#8243; data-lazy-error=&#8221;true&#8221; \/&gt;<\/p>\n<h3><em>Indicateur d\u2019humidit\u00e9<\/em><\/h3>\n<p><em>Une ligne sur la couche qui passe du jaune au bleu vous indique qu\u2019il est peut-\u00eatre temps de changer de couche.<\/em><\/p>\n<h3><em>Fa\u00e7onn\u00e9e pour les nouveau-n\u00e9s<\/em><\/h3>\n<p><em>Une d\u00e9coupe sur le devant de la couche contourne le n\u0153ud ombilical, le maintient au sec et lui permet de cicatriser \u00e0 l\u2019air libre.<\/em><\/p>\n<p><img decoding=\"async\" src=\"https:\/\/i5.walmartimages.com\/asr\/9389bea5-dd14-4453-b370-3ee58cbd5d0c.c054bebd3c3ee37f810da7e43d386852.jpeg?odnHeight=768&amp;odnWidth=768&amp;odnBg=FFFFFF\" alt=\"pampers\" width=\"527\" height=\"527\" data-src=\"https:\/\/i5.walmartimages.com\/asr\/9389bea5-dd14-4453-b370-3ee58cbd5d0c.c054bebd3c3ee37f810da7e43d386852.jpeg?odnHeight=768&amp;odnWidth=768&amp;odnBg=FFFFFF\" \/><\/p>\n<h3><em>Conseils de mamans<\/em><\/h3>\n<p><em>Les nouveau-n\u00e9s changent de couche\u00a0<strong>environ 7 \u00e0 8 fois<\/strong>\u00a0par\u00a0<strong>jour<\/strong>.<\/em><\/p>\n<p><em>Apr\u00e8s les premi\u00e8res semaines, votre b\u00e9b\u00e9 aura besoin de 5 \u00e0 6 couches par jour.<\/em><\/p>\n<p><em>Les nouveau-n\u00e9s grandissent vite et il est possible qu\u2019ils n\u2019utilisent la petite taille que quelques semaines<\/em><\/p>\n","protected":false},"excerpt":{"rendered":"<p>Absorption Tr\u00e8s bonne couche, elle retient l\u2019humidit\u00e9 et prot\u00e8ge la peau de b\u00e9b\u00e9 des irritations et des rougeurs. Douce et [&hellip;]<\/p>\n","protected":false},"featured_media":14586,"comment_status":"open","ping_status":"closed","template":"","meta":{"_uag_custom_page_level_css":"","site-sidebar-layout":"default","site-content-layout":"","ast-site-content-layout":"default","site-content-style":"default","site-sidebar-style":"default","ast-global-header-display":"","ast-banner-title-visibility":"","ast-main-header-display":"","ast-hfb-above-header-display":"","ast-hfb-below-header-display":"","ast-hfb-mobile-header-display":"","site-post-title":"","ast-breadcrumbs-content":"","ast-featured-img":"","footer-sml-layout":"","ast-disable-related-posts":"","theme-transparent-header-meta":"default","adv-header-id-meta":"","stick-header-meta":"","header-above-stick-meta":"","header-main-stick-meta":"","header-below-stick-meta":"","astra-migrate-meta-layouts":"set","ast-page-background-enabled":"default","ast-page-background-meta":{"desktop":{"background-color":"var(--ast-global-color-4)","background-image":"","background-repeat":"repeat","background-position":"center center","background-size":"auto","background-attachment":"scroll","background-type":"","background-media":"","overlay-type":"","overlay-color":"","overlay-opacity":"","overlay-gradient":""},"tablet":{"background-color":"","background-image":"","background-repeat":"repeat","background-position":"center center","background-size":"auto","background-attachment":"scroll","background-type":"","background-media":"","overlay-type":"","overlay-color":"","overlay-opacity":"","overlay-gradient":""},"mobile":{"background-color":"","background-image":"","background-repeat":"repeat","background-position":"center center","background-size":"auto","background-attachment":"scroll","background-type":"","background-media":"","overlay-type":"","overlay-color":"","overlay-opacity":"","overlay-gradient":""}},"ast-content-background-meta":{"desktop":{"background-color":"var(--ast-global-color-5)","background-image":"","background-repeat":"repeat","background-position":"center center","background-size":"auto","background-attachment":"scroll","background-type":"","background-media":"","overlay-type":"","overlay-color":"","overlay-opacity":"","overlay-gradient":""},"tablet":{"background-color":"var(--ast-global-color-5)","background-image":"","background-repeat":"repeat","background-position":"center center","background-size":"auto","background-attachment":"scroll","background-type":"","background-media":"","overlay-type":"","overlay-color":"","overlay-opacity":"","overlay-gradient":""},"mobile":{"background-color":"var(--ast-global-color-5)","background-image":"","background-repeat":"repeat","background-position":"center center","background-size":"auto","background-attachment":"scroll","background-type":"","background-media":"","overlay-type":"","overlay-color":"","overlay-opacity":"","overlay-gradient":""}}},"product_brand":[],"product_cat":[1095,518],"product_tag":[],"class_list":{"0":"post-14583","1":"product","2":"type-product","3":"status-publish","4":"has-post-thumbnail","6":"product_cat-jouets-bebe-tout-petits","7":"product_cat-produits-pour-bebe","8":"desktop-align-left","9":"tablet-align-left","10":"mobile-align-left","12":"first","13":"instock","14":"sale","15":"shipping-taxable","16":"purchasable","17":"product-type-simple"},"yoast_head":"<!-- This site is optimized with the Yoast SEO plugin v26.8 - https:\/\/yoast.com\/product\/yoast-seo-wordpress\/ -->\n<title>Pampers Baby Dry - B\u00e9b\u00e9 Taille 2 - 32 Couches - Ekco Boutique<\/title>\n<meta name=\"robots\" content=\"index, follow, max-snippet:-1, max-image-preview:large, max-video-preview:-1\" \/>\n<link rel=\"canonical\" href=\"https:\/\/ekco-ci.com\/ecommerce\/produit\/pampers-baby-dry-bebe-taille-2-32-couches\/\" \/>\n<meta property=\"og:locale\" content=\"fr_FR\" \/>\n<meta property=\"og:type\" content=\"article\" \/>\n<meta property=\"og:title\" content=\"Pampers Baby Dry - B\u00e9b\u00e9 Taille 2 - 32 Couches - Ekco Boutique\" \/>\n<meta property=\"og:description\" content=\"Absorption Tr\u00e8s bonne couche, elle retient l\u2019humidit\u00e9 et prot\u00e8ge la peau de b\u00e9b\u00e9 des irritations et des rougeurs. Douce et [&hellip;]\" \/>\n<meta property=\"og:url\" content=\"https:\/\/ekco-ci.com\/ecommerce\/produit\/pampers-baby-dry-bebe-taille-2-32-couches\/\" \/>\n<meta property=\"og:site_name\" content=\"Ekco Boutique\" \/>\n<meta property=\"article:modified_time\" content=\"2026-04-03T11:47:47+00:00\" \/>\n<meta property=\"og:image\" content=\"https:\/\/ekco-ci.com\/ecommerce\/wp-content\/uploads\/2026\/04\/2-2026-04-03T112702.621.jpg\" \/>\n\t<meta property=\"og:image:width\" content=\"680\" \/>\n\t<meta property=\"og:image:height\" content=\"680\" \/>\n\t<meta property=\"og:image:type\" content=\"image\/jpeg\" \/>\n<meta name=\"twitter:card\" content=\"summary_large_image\" \/>\n<meta name=\"twitter:label1\" content=\"Dur\u00e9e de lecture estim\u00e9e\" \/>\n\t<meta name=\"twitter:data1\" content=\"2 minutes\" \/>\n<script type=\"application\/ld+json\" class=\"yoast-schema-graph\">{\"@context\":\"https:\/\/schema.org\",\"@graph\":[{\"@type\":\"WebPage\",\"@id\":\"https:\/\/ekco-ci.com\/ecommerce\/produit\/pampers-baby-dry-bebe-taille-2-32-couches\/\",\"url\":\"https:\/\/ekco-ci.com\/ecommerce\/produit\/pampers-baby-dry-bebe-taille-2-32-couches\/\",\"name\":\"Pampers Baby Dry - B\u00e9b\u00e9 Taille 2 - 32 Couches - Ekco Boutique\",\"isPartOf\":{\"@id\":\"https:\/\/ekco-ci.com\/ecommerce\/#website\"},\"primaryImageOfPage\":{\"@id\":\"https:\/\/ekco-ci.com\/ecommerce\/produit\/pampers-baby-dry-bebe-taille-2-32-couches\/#primaryimage\"},\"image\":{\"@id\":\"https:\/\/ekco-ci.com\/ecommerce\/produit\/pampers-baby-dry-bebe-taille-2-32-couches\/#primaryimage\"},\"thumbnailUrl\":\"https:\/\/ekco-ci.com\/ecommerce\/wp-content\/uploads\/2026\/04\/2-2026-04-03T112702.621.jpg\",\"datePublished\":\"2026-04-03T11:47:46+00:00\",\"dateModified\":\"2026-04-03T11:47:47+00:00\",\"breadcrumb\":{\"@id\":\"https:\/\/ekco-ci.com\/ecommerce\/produit\/pampers-baby-dry-bebe-taille-2-32-couches\/#breadcrumb\"},\"inLanguage\":\"fr-FR\",\"potentialAction\":[{\"@type\":\"ReadAction\",\"target\":[\"https:\/\/ekco-ci.com\/ecommerce\/produit\/pampers-baby-dry-bebe-taille-2-32-couches\/\"]}]},{\"@type\":\"ImageObject\",\"inLanguage\":\"fr-FR\",\"@id\":\"https:\/\/ekco-ci.com\/ecommerce\/produit\/pampers-baby-dry-bebe-taille-2-32-couches\/#primaryimage\",\"url\":\"https:\/\/ekco-ci.com\/ecommerce\/wp-content\/uploads\/2026\/04\/2-2026-04-03T112702.621.jpg\",\"contentUrl\":\"https:\/\/ekco-ci.com\/ecommerce\/wp-content\/uploads\/2026\/04\/2-2026-04-03T112702.621.jpg\",\"width\":680,\"height\":680},{\"@type\":\"BreadcrumbList\",\"@id\":\"https:\/\/ekco-ci.com\/ecommerce\/produit\/pampers-baby-dry-bebe-taille-2-32-couches\/#breadcrumb\",\"itemListElement\":[{\"@type\":\"ListItem\",\"position\":1,\"name\":\"Home\",\"item\":\"https:\/\/ekco-ci.com\/ecommerce\/\"},{\"@type\":\"ListItem\",\"position\":2,\"name\":\"Boutique\",\"item\":\"https:\/\/ekco-ci.com\/ecommerce\/boutique\/\"},{\"@type\":\"ListItem\",\"position\":3,\"name\":\"Pampers Baby Dry &#8211; B\u00e9b\u00e9 Taille 2 &#8211; 32 Couches\"}]},{\"@type\":\"WebSite\",\"@id\":\"https:\/\/ekco-ci.com\/ecommerce\/#website\",\"url\":\"https:\/\/ekco-ci.com\/ecommerce\/\",\"name\":\"Ekco Boutique\",\"description\":\"Ekco Boutique! La qualit\u00e9 au c\u0153ur de chaque achat\",\"publisher\":{\"@id\":\"https:\/\/ekco-ci.com\/ecommerce\/#organization\"},\"alternateName\":\"Boutique\",\"potentialAction\":[{\"@type\":\"SearchAction\",\"target\":{\"@type\":\"EntryPoint\",\"urlTemplate\":\"https:\/\/ekco-ci.com\/ecommerce\/?s={search_term_string}\"},\"query-input\":{\"@type\":\"PropertyValueSpecification\",\"valueRequired\":true,\"valueName\":\"search_term_string\"}}],\"inLanguage\":\"fr-FR\"},{\"@type\":\"Organization\",\"@id\":\"https:\/\/ekco-ci.com\/ecommerce\/#organization\",\"name\":\"Ekco Boutique\",\"url\":\"https:\/\/ekco-ci.com\/ecommerce\/\",\"logo\":{\"@type\":\"ImageObject\",\"inLanguage\":\"fr-FR\",\"@id\":\"https:\/\/ekco-ci.com\/ecommerce\/#\/schema\/logo\/image\/\",\"url\":\"https:\/\/ekco-ci.com\/ecommerce\/wp-content\/uploads\/2024\/08\/cropped-lologo.png\",\"contentUrl\":\"https:\/\/ekco-ci.com\/ecommerce\/wp-content\/uploads\/2024\/08\/cropped-lologo.png\",\"width\":512,\"height\":512,\"caption\":\"Ekco Boutique\"},\"image\":{\"@id\":\"https:\/\/ekco-ci.com\/ecommerce\/#\/schema\/logo\/image\/\"}}]}<\/script>\n<!-- \/ Yoast SEO plugin. -->","yoast_head_json":{"title":"Pampers Baby Dry - B\u00e9b\u00e9 Taille 2 - 32 Couches - Ekco Boutique","robots":{"index":"index","follow":"follow","max-snippet":"max-snippet:-1","max-image-preview":"max-image-preview:large","max-video-preview":"max-video-preview:-1"},"canonical":"https:\/\/ekco-ci.com\/ecommerce\/produit\/pampers-baby-dry-bebe-taille-2-32-couches\/","og_locale":"fr_FR","og_type":"article","og_title":"Pampers Baby Dry - B\u00e9b\u00e9 Taille 2 - 32 Couches - Ekco Boutique","og_description":"Absorption Tr\u00e8s bonne couche, elle retient l\u2019humidit\u00e9 et prot\u00e8ge la peau de b\u00e9b\u00e9 des irritations et des rougeurs. Douce et [&hellip;]","og_url":"https:\/\/ekco-ci.com\/ecommerce\/produit\/pampers-baby-dry-bebe-taille-2-32-couches\/","og_site_name":"Ekco Boutique","article_modified_time":"2026-04-03T11:47:47+00:00","og_image":[{"width":680,"height":680,"url":"https:\/\/ekco-ci.com\/ecommerce\/wp-content\/uploads\/2026\/04\/2-2026-04-03T112702.621.jpg","type":"image\/jpeg"}],"twitter_card":"summary_large_image","twitter_misc":{"Dur\u00e9e de lecture estim\u00e9e":"2 minutes"},"schema":{"@context":"https:\/\/schema.org","@graph":[{"@type":"WebPage","@id":"https:\/\/ekco-ci.com\/ecommerce\/produit\/pampers-baby-dry-bebe-taille-2-32-couches\/","url":"https:\/\/ekco-ci.com\/ecommerce\/produit\/pampers-baby-dry-bebe-taille-2-32-couches\/","name":"Pampers Baby Dry - B\u00e9b\u00e9 Taille 2 - 32 Couches - Ekco Boutique","isPartOf":{"@id":"https:\/\/ekco-ci.com\/ecommerce\/#website"},"primaryImageOfPage":{"@id":"https:\/\/ekco-ci.com\/ecommerce\/produit\/pampers-baby-dry-bebe-taille-2-32-couches\/#primaryimage"},"image":{"@id":"https:\/\/ekco-ci.com\/ecommerce\/produit\/pampers-baby-dry-bebe-taille-2-32-couches\/#primaryimage"},"thumbnailUrl":"https:\/\/ekco-ci.com\/ecommerce\/wp-content\/uploads\/2026\/04\/2-2026-04-03T112702.621.jpg","datePublished":"2026-04-03T11:47:46+00:00","dateModified":"2026-04-03T11:47:47+00:00","breadcrumb":{"@id":"https:\/\/ekco-ci.com\/ecommerce\/produit\/pampers-baby-dry-bebe-taille-2-32-couches\/#breadcrumb"},"inLanguage":"fr-FR","potentialAction":[{"@type":"ReadAction","target":["https:\/\/ekco-ci.com\/ecommerce\/produit\/pampers-baby-dry-bebe-taille-2-32-couches\/"]}]},{"@type":"ImageObject","inLanguage":"fr-FR","@id":"https:\/\/ekco-ci.com\/ecommerce\/produit\/pampers-baby-dry-bebe-taille-2-32-couches\/#primaryimage","url":"https:\/\/ekco-ci.com\/ecommerce\/wp-content\/uploads\/2026\/04\/2-2026-04-03T112702.621.jpg","contentUrl":"https:\/\/ekco-ci.com\/ecommerce\/wp-content\/uploads\/2026\/04\/2-2026-04-03T112702.621.jpg","width":680,"height":680},{"@type":"BreadcrumbList","@id":"https:\/\/ekco-ci.com\/ecommerce\/produit\/pampers-baby-dry-bebe-taille-2-32-couches\/#breadcrumb","itemListElement":[{"@type":"ListItem","position":1,"name":"Home","item":"https:\/\/ekco-ci.com\/ecommerce\/"},{"@type":"ListItem","position":2,"name":"Boutique","item":"https:\/\/ekco-ci.com\/ecommerce\/boutique\/"},{"@type":"ListItem","position":3,"name":"Pampers Baby Dry &#8211; B\u00e9b\u00e9 Taille 2 &#8211; 32 Couches"}]},{"@type":"WebSite","@id":"https:\/\/ekco-ci.com\/ecommerce\/#website","url":"https:\/\/ekco-ci.com\/ecommerce\/","name":"Ekco Boutique","description":"Ekco Boutique! La qualit\u00e9 au c\u0153ur de chaque achat","publisher":{"@id":"https:\/\/ekco-ci.com\/ecommerce\/#organization"},"alternateName":"Boutique","potentialAction":[{"@type":"SearchAction","target":{"@type":"EntryPoint","urlTemplate":"https:\/\/ekco-ci.com\/ecommerce\/?s={search_term_string}"},"query-input":{"@type":"PropertyValueSpecification","valueRequired":true,"valueName":"search_term_string"}}],"inLanguage":"fr-FR"},{"@type":"Organization","@id":"https:\/\/ekco-ci.com\/ecommerce\/#organization","name":"Ekco Boutique","url":"https:\/\/ekco-ci.com\/ecommerce\/","logo":{"@type":"ImageObject","inLanguage":"fr-FR","@id":"https:\/\/ekco-ci.com\/ecommerce\/#\/schema\/logo\/image\/","url":"https:\/\/ekco-ci.com\/ecommerce\/wp-content\/uploads\/2024\/08\/cropped-lologo.png","contentUrl":"https:\/\/ekco-ci.com\/ecommerce\/wp-content\/uploads\/2024\/08\/cropped-lologo.png","width":512,"height":512,"caption":"Ekco Boutique"},"image":{"@id":"https:\/\/ekco-ci.com\/ecommerce\/#\/schema\/logo\/image\/"}}]}},"uagb_featured_image_src":{"full":["https:\/\/ekco-ci.com\/ecommerce\/wp-content\/uploads\/2026\/04\/2-2026-04-03T112702.621.jpg",680,680,false],"thumbnail":["https:\/\/ekco-ci.com\/ecommerce\/wp-content\/uploads\/2026\/04\/2-2026-04-03T112702.621-150x150.jpg",150,150,true],"medium":["https:\/\/ekco-ci.com\/ecommerce\/wp-content\/uploads\/2026\/04\/2-2026-04-03T112702.621-300x300.jpg",300,300,true],"medium_large":["https:\/\/ekco-ci.com\/ecommerce\/wp-content\/uploads\/2026\/04\/2-2026-04-03T112702.621.jpg",680,680,false],"large":["https:\/\/ekco-ci.com\/ecommerce\/wp-content\/uploads\/2026\/04\/2-2026-04-03T112702.621.jpg",680,680,false],"1536x1536":["https:\/\/ekco-ci.com\/ecommerce\/wp-content\/uploads\/2026\/04\/2-2026-04-03T112702.621.jpg",680,680,false],"2048x2048":["https:\/\/ekco-ci.com\/ecommerce\/wp-content\/uploads\/2026\/04\/2-2026-04-03T112702.621.jpg",680,680,false],"cfw_cart_thumb":["https:\/\/ekco-ci.com\/ecommerce\/wp-content\/uploads\/2026\/04\/2-2026-04-03T112702.621-60x60.jpg",60,60,true],"cfw_order_bump_thumb":["https:\/\/ekco-ci.com\/ecommerce\/wp-content\/uploads\/2026\/04\/2-2026-04-03T112702.621-320x320.jpg",320,320,true],"woocommerce_thumbnail":["https:\/\/ekco-ci.com\/ecommerce\/wp-content\/uploads\/2026\/04\/2-2026-04-03T112702.621-300x225.jpg",300,225,true],"woocommerce_single":["https:\/\/ekco-ci.com\/ecommerce\/wp-content\/uploads\/2026\/04\/2-2026-04-03T112702.621-600x600.jpg",600,600,true],"woocommerce_gallery_thumbnail":["https:\/\/ekco-ci.com\/ecommerce\/wp-content\/uploads\/2026\/04\/2-2026-04-03T112702.621-100x100.jpg",100,100,true]},"uagb_author_info":{"display_name":"Charlemagne Koula","author_link":"https:\/\/ekco-ci.com\/ecommerce\/author\/"},"uagb_comment_info":0,"uagb_excerpt":"Absorption Tr\u00e8s bonne couche, elle retient l\u2019humidit\u00e9 et prot\u00e8ge la peau de b\u00e9b\u00e9 des irritations et des rougeurs. Douce et [&hellip;]","_links":{"self":[{"href":"https:\/\/ekco-ci.com\/ecommerce\/wp-json\/wp\/v2\/product\/14583","targetHints":{"allow":["GET"]}}],"collection":[{"href":"https:\/\/ekco-ci.com\/ecommerce\/wp-json\/wp\/v2\/product"}],"about":[{"href":"https:\/\/ekco-ci.com\/ecommerce\/wp-json\/wp\/v2\/types\/product"}],"replies":[{"embeddable":true,"href":"https:\/\/ekco-ci.com\/ecommerce\/wp-json\/wp\/v2\/comments?post=14583"}],"wp:featuredmedia":[{"embeddable":true,"href":"https:\/\/ekco-ci.com\/ecommerce\/wp-json\/wp\/v2\/media\/14586"}],"wp:attachment":[{"href":"https:\/\/ekco-ci.com\/ecommerce\/wp-json\/wp\/v2\/media?parent=14583"}],"wp:term":[{"taxonomy":"product_brand","embeddable":true,"href":"https:\/\/ekco-ci.com\/ecommerce\/wp-json\/wp\/v2\/product_brand?post=14583"},{"taxonomy":"product_cat","embeddable":true,"href":"https:\/\/ekco-ci.com\/ecommerce\/wp-json\/wp\/v2\/product_cat?post=14583"},{"taxonomy":"product_tag","embeddable":true,"href":"https:\/\/ekco-ci.com\/ecommerce\/wp-json\/wp\/v2\/product_tag?post=14583"}],"curies":[{"name":"wp","href":"https:\/\/api.w.org\/{rel}","templated":true}]}}