{"id":14474,"date":"2026-03-30T09:45:27","date_gmt":"2026-03-30T09:45:27","guid":{"rendered":"https:\/\/ekco-ci.com\/ecommerce\/?post_type=product&#038;p=14474"},"modified":"2026-03-30T09:45:30","modified_gmt":"2026-03-30T09:45:30","slug":"hansen-18-pouces-ventilateur-hs-1m-sur-pied-silencieux-a-3-vitesses-de-45-cm","status":"publish","type":"product","link":"https:\/\/ekco-ci.com\/ecommerce\/produit\/hansen-18-pouces-ventilateur-hs-1m-sur-pied-silencieux-a-3-vitesses-de-45-cm\/","title":{"rendered":"HANSEN (18 pouces) Ventilateur HS-1M sur pied silencieux \u00e0 3 vitesses de 45 cm"},"content":{"rendered":"<p>Ventilateur sur pied 45 cm (18 pouces) avec moteur am\u00e9lior\u00e9, silencieux, 3 vitesses, inclinaison r\u00e9glable, oscillation, id\u00e9al pour la chambre, la maison, le bureau, le salon, la r\u00e9sidence \u00e9tudiante, etc. Noir.<\/p>\n<p>Conception optimis\u00e9e pour les pi\u00e8ces moyennes et grandes : Ce ventilateur sur pied de 45 cm (18 pouces) brasse efficacement l&#8217;air dans les pi\u00e8ces comme le salon, la cuisine et le bureau.<\/p>\n<p>Fonctionnement silencieux et \u00e9co\u00e9nerg\u00e9tique : Dot\u00e9 d&#8217;un moteur \u00e0 courant alternatif performant, ce ventilateur consomme seulement 50 watts.<\/p>\n<p>Confort personnalis\u00e9 avec 3 vitesses : Profitez d&#8217;un confort sur mesure gr\u00e2ce \u00e0 ses 3 vitesses. FLUX D&#8217;AIR ET HAUTEUR R\u00c9GLABLES\u00a0: Ce ventilateur sur pied permet un r\u00e9glage facile de la hauteur et de l&#8217;inclinaison pour diriger le flux d&#8217;air selon vos besoins.<\/p>\n<p>Grilles avant et arri\u00e8re en treillis m\u00e9tallique.<br \/>\nPieds sup\u00e9rieur et inf\u00e9rieur en fer.<\/p>\n<p>Tension\u00a0: 220\u00a0V<br \/>\nVitesse\u00a0: 3 niveaux<br \/>\nNombre de pales\u00a0: 5<br \/>\nPuissance\u00a0: 65\u00a0W<br \/>\nMoteur\u00a0: 7118<br \/>\nDiam\u00e8tre des pales\u00a0: 45,7\u00a0cm (18\u00a0pouces)<br \/>\nBo\u00eetier\u00a0: Grilles en fer robustes<br \/>\nPoids\u00a0: 5\u00a0kg<br \/>\nCouleur\u00a0: Noir<br \/>\nType de ventilateur\u00a0: Ventilateur sur pied<br \/>\nNiveau sonore\u00a0: Inf\u00e9rieur \u00e0 50\u00a0dB<\/p>\n<p>Id\u00e9al pour la maison ou le bureau<\/p>\n","protected":false},"excerpt":{"rendered":"<p>Ventilateur sur pied 45 cm (18 pouces) avec moteur am\u00e9lior\u00e9, silencieux, 3 vitesses, inclinaison r\u00e9glable, oscillation, id\u00e9al pour la chambre, [&hellip;]<\/p>\n","protected":false},"featured_media":14477,"comment_status":"open","ping_status":"closed","template":"","meta":{"_uag_custom_page_level_css":"","site-sidebar-layout":"default","site-content-layout":"","ast-site-content-layout":"default","site-content-style":"default","site-sidebar-style":"default","ast-global-header-display":"","ast-banner-title-visibility":"","ast-main-header-display":"","ast-hfb-above-header-display":"","ast-hfb-below-header-display":"","ast-hfb-mobile-header-display":"","site-post-title":"","ast-breadcrumbs-content":"","ast-featured-img":"","footer-sml-layout":"","ast-disable-related-posts":"","theme-transparent-header-meta":"default","adv-header-id-meta":"","stick-header-meta":"","header-above-stick-meta":"","header-main-stick-meta":"","header-below-stick-meta":"","astra-migrate-meta-layouts":"set","ast-page-background-enabled":"default","ast-page-background-meta":{"desktop":{"background-color":"var(--ast-global-color-4)","background-image":"","background-repeat":"repeat","background-position":"center center","background-size":"auto","background-attachment":"scroll","background-type":"","background-media":"","overlay-type":"","overlay-color":"","overlay-opacity":"","overlay-gradient":""},"tablet":{"background-color":"","background-image":"","background-repeat":"repeat","background-position":"center center","background-size":"auto","background-attachment":"scroll","background-type":"","background-media":"","overlay-type":"","overlay-color":"","overlay-opacity":"","overlay-gradient":""},"mobile":{"background-color":"","background-image":"","background-repeat":"repeat","background-position":"center center","background-size":"auto","background-attachment":"scroll","background-type":"","background-media":"","overlay-type":"","overlay-color":"","overlay-opacity":"","overlay-gradient":""}},"ast-content-background-meta":{"desktop":{"background-color":"var(--ast-global-color-5)","background-image":"","background-repeat":"repeat","background-position":"center center","background-size":"auto","background-attachment":"scroll","background-type":"","background-media":"","overlay-type":"","overlay-color":"","overlay-opacity":"","overlay-gradient":""},"tablet":{"background-color":"var(--ast-global-color-5)","background-image":"","background-repeat":"repeat","background-position":"center center","background-size":"auto","background-attachment":"scroll","background-type":"","background-media":"","overlay-type":"","overlay-color":"","overlay-opacity":"","overlay-gradient":""},"mobile":{"background-color":"var(--ast-global-color-5)","background-image":"","background-repeat":"repeat","background-position":"center center","background-size":"auto","background-attachment":"scroll","background-type":"","background-media":"","overlay-type":"","overlay-color":"","overlay-opacity":"","overlay-gradient":""}}},"product_brand":[],"product_cat":[633,661,619,23,634,635,447,226,245],"product_tag":[],"class_list":{"0":"post-14474","1":"product","2":"type-product","3":"status-publish","4":"has-post-thumbnail","6":"product_cat-chauffage-ventilation-cuisine-maison","7":"product_cat-chauffage-ventilation-maison-bureau","8":"product_cat-cuisine-maison","9":"product_cat-maison-bureau","10":"product_cat-ventilateurs-chauffage-ventilation-cuisine-maison","11":"product_cat-ventilateurs-sur-pied-ventilateurs-chauffage-ventilation-cuisine-maison","12":"product_cat-ventilateurs-sur-pied","13":"product_cat-ventilateurs-usb","14":"product_cat-ventilation","15":"desktop-align-left","16":"tablet-align-left","17":"mobile-align-left","19":"first","20":"instock","21":"sale","22":"shipping-taxable","23":"purchasable","24":"product-type-simple"},"yoast_head":"<!-- This site is optimized with the Yoast SEO plugin v26.8 - https:\/\/yoast.com\/product\/yoast-seo-wordpress\/ -->\n<title>HANSEN (18 pouces) Ventilateur HS-1M sur pied silencieux \u00e0 3 vitesses de 45 cm - Ekco Boutique<\/title>\n<meta name=\"robots\" content=\"index, follow, max-snippet:-1, max-image-preview:large, max-video-preview:-1\" \/>\n<link rel=\"canonical\" href=\"https:\/\/ekco-ci.com\/ecommerce\/produit\/hansen-18-pouces-ventilateur-hs-1m-sur-pied-silencieux-a-3-vitesses-de-45-cm\/\" \/>\n<meta property=\"og:locale\" content=\"fr_FR\" \/>\n<meta property=\"og:type\" content=\"article\" \/>\n<meta property=\"og:title\" content=\"HANSEN (18 pouces) Ventilateur HS-1M sur pied silencieux \u00e0 3 vitesses de 45 cm - Ekco Boutique\" \/>\n<meta property=\"og:description\" content=\"Ventilateur sur pied 45 cm (18 pouces) avec moteur am\u00e9lior\u00e9, silencieux, 3 vitesses, inclinaison r\u00e9glable, oscillation, id\u00e9al pour la chambre, [&hellip;]\" \/>\n<meta property=\"og:url\" content=\"https:\/\/ekco-ci.com\/ecommerce\/produit\/hansen-18-pouces-ventilateur-hs-1m-sur-pied-silencieux-a-3-vitesses-de-45-cm\/\" \/>\n<meta property=\"og:site_name\" content=\"Ekco Boutique\" \/>\n<meta property=\"article:modified_time\" content=\"2026-03-30T09:45:30+00:00\" \/>\n<meta property=\"og:image\" content=\"https:\/\/ekco-ci.com\/ecommerce\/wp-content\/uploads\/2026\/03\/1-2026-03-30T091629.450.jpg\" \/>\n\t<meta property=\"og:image:width\" content=\"680\" \/>\n\t<meta property=\"og:image:height\" content=\"680\" \/>\n\t<meta property=\"og:image:type\" content=\"image\/jpeg\" \/>\n<meta name=\"twitter:card\" content=\"summary_large_image\" \/>\n<meta name=\"twitter:label1\" content=\"Dur\u00e9e de lecture estim\u00e9e\" \/>\n\t<meta name=\"twitter:data1\" content=\"2 minutes\" \/>\n<script type=\"application\/ld+json\" class=\"yoast-schema-graph\">{\"@context\":\"https:\/\/schema.org\",\"@graph\":[{\"@type\":\"WebPage\",\"@id\":\"https:\/\/ekco-ci.com\/ecommerce\/produit\/hansen-18-pouces-ventilateur-hs-1m-sur-pied-silencieux-a-3-vitesses-de-45-cm\/\",\"url\":\"https:\/\/ekco-ci.com\/ecommerce\/produit\/hansen-18-pouces-ventilateur-hs-1m-sur-pied-silencieux-a-3-vitesses-de-45-cm\/\",\"name\":\"HANSEN (18 pouces) Ventilateur HS-1M sur pied silencieux \u00e0 3 vitesses de 45 cm - Ekco Boutique\",\"isPartOf\":{\"@id\":\"https:\/\/ekco-ci.com\/ecommerce\/#website\"},\"primaryImageOfPage\":{\"@id\":\"https:\/\/ekco-ci.com\/ecommerce\/produit\/hansen-18-pouces-ventilateur-hs-1m-sur-pied-silencieux-a-3-vitesses-de-45-cm\/#primaryimage\"},\"image\":{\"@id\":\"https:\/\/ekco-ci.com\/ecommerce\/produit\/hansen-18-pouces-ventilateur-hs-1m-sur-pied-silencieux-a-3-vitesses-de-45-cm\/#primaryimage\"},\"thumbnailUrl\":\"https:\/\/ekco-ci.com\/ecommerce\/wp-content\/uploads\/2026\/03\/1-2026-03-30T091629.450.jpg\",\"datePublished\":\"2026-03-30T09:45:27+00:00\",\"dateModified\":\"2026-03-30T09:45:30+00:00\",\"breadcrumb\":{\"@id\":\"https:\/\/ekco-ci.com\/ecommerce\/produit\/hansen-18-pouces-ventilateur-hs-1m-sur-pied-silencieux-a-3-vitesses-de-45-cm\/#breadcrumb\"},\"inLanguage\":\"fr-FR\",\"potentialAction\":[{\"@type\":\"ReadAction\",\"target\":[\"https:\/\/ekco-ci.com\/ecommerce\/produit\/hansen-18-pouces-ventilateur-hs-1m-sur-pied-silencieux-a-3-vitesses-de-45-cm\/\"]}]},{\"@type\":\"ImageObject\",\"inLanguage\":\"fr-FR\",\"@id\":\"https:\/\/ekco-ci.com\/ecommerce\/produit\/hansen-18-pouces-ventilateur-hs-1m-sur-pied-silencieux-a-3-vitesses-de-45-cm\/#primaryimage\",\"url\":\"https:\/\/ekco-ci.com\/ecommerce\/wp-content\/uploads\/2026\/03\/1-2026-03-30T091629.450.jpg\",\"contentUrl\":\"https:\/\/ekco-ci.com\/ecommerce\/wp-content\/uploads\/2026\/03\/1-2026-03-30T091629.450.jpg\",\"width\":680,\"height\":680},{\"@type\":\"BreadcrumbList\",\"@id\":\"https:\/\/ekco-ci.com\/ecommerce\/produit\/hansen-18-pouces-ventilateur-hs-1m-sur-pied-silencieux-a-3-vitesses-de-45-cm\/#breadcrumb\",\"itemListElement\":[{\"@type\":\"ListItem\",\"position\":1,\"name\":\"Home\",\"item\":\"https:\/\/ekco-ci.com\/ecommerce\/\"},{\"@type\":\"ListItem\",\"position\":2,\"name\":\"Boutique\",\"item\":\"https:\/\/ekco-ci.com\/ecommerce\/boutique\/\"},{\"@type\":\"ListItem\",\"position\":3,\"name\":\"HANSEN (18 pouces) Ventilateur HS-1M sur pied silencieux \u00e0 3 vitesses de 45 cm\"}]},{\"@type\":\"WebSite\",\"@id\":\"https:\/\/ekco-ci.com\/ecommerce\/#website\",\"url\":\"https:\/\/ekco-ci.com\/ecommerce\/\",\"name\":\"Ekco Boutique\",\"description\":\"Ekco Boutique! La qualit\u00e9 au c\u0153ur de chaque achat\",\"publisher\":{\"@id\":\"https:\/\/ekco-ci.com\/ecommerce\/#organization\"},\"alternateName\":\"Boutique\",\"potentialAction\":[{\"@type\":\"SearchAction\",\"target\":{\"@type\":\"EntryPoint\",\"urlTemplate\":\"https:\/\/ekco-ci.com\/ecommerce\/?s={search_term_string}\"},\"query-input\":{\"@type\":\"PropertyValueSpecification\",\"valueRequired\":true,\"valueName\":\"search_term_string\"}}],\"inLanguage\":\"fr-FR\"},{\"@type\":\"Organization\",\"@id\":\"https:\/\/ekco-ci.com\/ecommerce\/#organization\",\"name\":\"Ekco Boutique\",\"url\":\"https:\/\/ekco-ci.com\/ecommerce\/\",\"logo\":{\"@type\":\"ImageObject\",\"inLanguage\":\"fr-FR\",\"@id\":\"https:\/\/ekco-ci.com\/ecommerce\/#\/schema\/logo\/image\/\",\"url\":\"https:\/\/ekco-ci.com\/ecommerce\/wp-content\/uploads\/2024\/08\/cropped-lologo.png\",\"contentUrl\":\"https:\/\/ekco-ci.com\/ecommerce\/wp-content\/uploads\/2024\/08\/cropped-lologo.png\",\"width\":512,\"height\":512,\"caption\":\"Ekco Boutique\"},\"image\":{\"@id\":\"https:\/\/ekco-ci.com\/ecommerce\/#\/schema\/logo\/image\/\"}}]}<\/script>\n<!-- \/ Yoast SEO plugin. -->","yoast_head_json":{"title":"HANSEN (18 pouces) Ventilateur HS-1M sur pied silencieux \u00e0 3 vitesses de 45 cm - Ekco Boutique","robots":{"index":"index","follow":"follow","max-snippet":"max-snippet:-1","max-image-preview":"max-image-preview:large","max-video-preview":"max-video-preview:-1"},"canonical":"https:\/\/ekco-ci.com\/ecommerce\/produit\/hansen-18-pouces-ventilateur-hs-1m-sur-pied-silencieux-a-3-vitesses-de-45-cm\/","og_locale":"fr_FR","og_type":"article","og_title":"HANSEN (18 pouces) Ventilateur HS-1M sur pied silencieux \u00e0 3 vitesses de 45 cm - Ekco Boutique","og_description":"Ventilateur sur pied 45 cm (18 pouces) avec moteur am\u00e9lior\u00e9, silencieux, 3 vitesses, inclinaison r\u00e9glable, oscillation, id\u00e9al pour la chambre, [&hellip;]","og_url":"https:\/\/ekco-ci.com\/ecommerce\/produit\/hansen-18-pouces-ventilateur-hs-1m-sur-pied-silencieux-a-3-vitesses-de-45-cm\/","og_site_name":"Ekco Boutique","article_modified_time":"2026-03-30T09:45:30+00:00","og_image":[{"width":680,"height":680,"url":"https:\/\/ekco-ci.com\/ecommerce\/wp-content\/uploads\/2026\/03\/1-2026-03-30T091629.450.jpg","type":"image\/jpeg"}],"twitter_card":"summary_large_image","twitter_misc":{"Dur\u00e9e de lecture estim\u00e9e":"2 minutes"},"schema":{"@context":"https:\/\/schema.org","@graph":[{"@type":"WebPage","@id":"https:\/\/ekco-ci.com\/ecommerce\/produit\/hansen-18-pouces-ventilateur-hs-1m-sur-pied-silencieux-a-3-vitesses-de-45-cm\/","url":"https:\/\/ekco-ci.com\/ecommerce\/produit\/hansen-18-pouces-ventilateur-hs-1m-sur-pied-silencieux-a-3-vitesses-de-45-cm\/","name":"HANSEN (18 pouces) Ventilateur HS-1M sur pied silencieux \u00e0 3 vitesses de 45 cm - Ekco Boutique","isPartOf":{"@id":"https:\/\/ekco-ci.com\/ecommerce\/#website"},"primaryImageOfPage":{"@id":"https:\/\/ekco-ci.com\/ecommerce\/produit\/hansen-18-pouces-ventilateur-hs-1m-sur-pied-silencieux-a-3-vitesses-de-45-cm\/#primaryimage"},"image":{"@id":"https:\/\/ekco-ci.com\/ecommerce\/produit\/hansen-18-pouces-ventilateur-hs-1m-sur-pied-silencieux-a-3-vitesses-de-45-cm\/#primaryimage"},"thumbnailUrl":"https:\/\/ekco-ci.com\/ecommerce\/wp-content\/uploads\/2026\/03\/1-2026-03-30T091629.450.jpg","datePublished":"2026-03-30T09:45:27+00:00","dateModified":"2026-03-30T09:45:30+00:00","breadcrumb":{"@id":"https:\/\/ekco-ci.com\/ecommerce\/produit\/hansen-18-pouces-ventilateur-hs-1m-sur-pied-silencieux-a-3-vitesses-de-45-cm\/#breadcrumb"},"inLanguage":"fr-FR","potentialAction":[{"@type":"ReadAction","target":["https:\/\/ekco-ci.com\/ecommerce\/produit\/hansen-18-pouces-ventilateur-hs-1m-sur-pied-silencieux-a-3-vitesses-de-45-cm\/"]}]},{"@type":"ImageObject","inLanguage":"fr-FR","@id":"https:\/\/ekco-ci.com\/ecommerce\/produit\/hansen-18-pouces-ventilateur-hs-1m-sur-pied-silencieux-a-3-vitesses-de-45-cm\/#primaryimage","url":"https:\/\/ekco-ci.com\/ecommerce\/wp-content\/uploads\/2026\/03\/1-2026-03-30T091629.450.jpg","contentUrl":"https:\/\/ekco-ci.com\/ecommerce\/wp-content\/uploads\/2026\/03\/1-2026-03-30T091629.450.jpg","width":680,"height":680},{"@type":"BreadcrumbList","@id":"https:\/\/ekco-ci.com\/ecommerce\/produit\/hansen-18-pouces-ventilateur-hs-1m-sur-pied-silencieux-a-3-vitesses-de-45-cm\/#breadcrumb","itemListElement":[{"@type":"ListItem","position":1,"name":"Home","item":"https:\/\/ekco-ci.com\/ecommerce\/"},{"@type":"ListItem","position":2,"name":"Boutique","item":"https:\/\/ekco-ci.com\/ecommerce\/boutique\/"},{"@type":"ListItem","position":3,"name":"HANSEN (18 pouces) Ventilateur HS-1M sur pied silencieux \u00e0 3 vitesses de 45 cm"}]},{"@type":"WebSite","@id":"https:\/\/ekco-ci.com\/ecommerce\/#website","url":"https:\/\/ekco-ci.com\/ecommerce\/","name":"Ekco Boutique","description":"Ekco Boutique! La qualit\u00e9 au c\u0153ur de chaque achat","publisher":{"@id":"https:\/\/ekco-ci.com\/ecommerce\/#organization"},"alternateName":"Boutique","potentialAction":[{"@type":"SearchAction","target":{"@type":"EntryPoint","urlTemplate":"https:\/\/ekco-ci.com\/ecommerce\/?s={search_term_string}"},"query-input":{"@type":"PropertyValueSpecification","valueRequired":true,"valueName":"search_term_string"}}],"inLanguage":"fr-FR"},{"@type":"Organization","@id":"https:\/\/ekco-ci.com\/ecommerce\/#organization","name":"Ekco Boutique","url":"https:\/\/ekco-ci.com\/ecommerce\/","logo":{"@type":"ImageObject","inLanguage":"fr-FR","@id":"https:\/\/ekco-ci.com\/ecommerce\/#\/schema\/logo\/image\/","url":"https:\/\/ekco-ci.com\/ecommerce\/wp-content\/uploads\/2024\/08\/cropped-lologo.png","contentUrl":"https:\/\/ekco-ci.com\/ecommerce\/wp-content\/uploads\/2024\/08\/cropped-lologo.png","width":512,"height":512,"caption":"Ekco Boutique"},"image":{"@id":"https:\/\/ekco-ci.com\/ecommerce\/#\/schema\/logo\/image\/"}}]}},"uagb_featured_image_src":{"full":["https:\/\/ekco-ci.com\/ecommerce\/wp-content\/uploads\/2026\/03\/1-2026-03-30T091629.450.jpg",680,680,false],"thumbnail":["https:\/\/ekco-ci.com\/ecommerce\/wp-content\/uploads\/2026\/03\/1-2026-03-30T091629.450-150x150.jpg",150,150,true],"medium":["https:\/\/ekco-ci.com\/ecommerce\/wp-content\/uploads\/2026\/03\/1-2026-03-30T091629.450-300x300.jpg",300,300,true],"medium_large":["https:\/\/ekco-ci.com\/ecommerce\/wp-content\/uploads\/2026\/03\/1-2026-03-30T091629.450.jpg",680,680,false],"large":["https:\/\/ekco-ci.com\/ecommerce\/wp-content\/uploads\/2026\/03\/1-2026-03-30T091629.450.jpg",680,680,false],"1536x1536":["https:\/\/ekco-ci.com\/ecommerce\/wp-content\/uploads\/2026\/03\/1-2026-03-30T091629.450.jpg",680,680,false],"2048x2048":["https:\/\/ekco-ci.com\/ecommerce\/wp-content\/uploads\/2026\/03\/1-2026-03-30T091629.450.jpg",680,680,false],"cfw_cart_thumb":["https:\/\/ekco-ci.com\/ecommerce\/wp-content\/uploads\/2026\/03\/1-2026-03-30T091629.450-60x60.jpg",60,60,true],"cfw_order_bump_thumb":["https:\/\/ekco-ci.com\/ecommerce\/wp-content\/uploads\/2026\/03\/1-2026-03-30T091629.450-320x320.jpg",320,320,true],"woocommerce_thumbnail":["https:\/\/ekco-ci.com\/ecommerce\/wp-content\/uploads\/2026\/03\/1-2026-03-30T091629.450-300x225.jpg",300,225,true],"woocommerce_single":["https:\/\/ekco-ci.com\/ecommerce\/wp-content\/uploads\/2026\/03\/1-2026-03-30T091629.450-600x600.jpg",600,600,true],"woocommerce_gallery_thumbnail":["https:\/\/ekco-ci.com\/ecommerce\/wp-content\/uploads\/2026\/03\/1-2026-03-30T091629.450-100x100.jpg",100,100,true]},"uagb_author_info":{"display_name":"Charlemagne Koula","author_link":"https:\/\/ekco-ci.com\/ecommerce\/author\/"},"uagb_comment_info":0,"uagb_excerpt":"Ventilateur sur pied 45 cm (18 pouces) avec moteur am\u00e9lior\u00e9, silencieux, 3 vitesses, inclinaison r\u00e9glable, oscillation, id\u00e9al pour la chambre, [&hellip;]","_links":{"self":[{"href":"https:\/\/ekco-ci.com\/ecommerce\/wp-json\/wp\/v2\/product\/14474","targetHints":{"allow":["GET"]}}],"collection":[{"href":"https:\/\/ekco-ci.com\/ecommerce\/wp-json\/wp\/v2\/product"}],"about":[{"href":"https:\/\/ekco-ci.com\/ecommerce\/wp-json\/wp\/v2\/types\/product"}],"replies":[{"embeddable":true,"href":"https:\/\/ekco-ci.com\/ecommerce\/wp-json\/wp\/v2\/comments?post=14474"}],"wp:featuredmedia":[{"embeddable":true,"href":"https:\/\/ekco-ci.com\/ecommerce\/wp-json\/wp\/v2\/media\/14477"}],"wp:attachment":[{"href":"https:\/\/ekco-ci.com\/ecommerce\/wp-json\/wp\/v2\/media?parent=14474"}],"wp:term":[{"taxonomy":"product_brand","embeddable":true,"href":"https:\/\/ekco-ci.com\/ecommerce\/wp-json\/wp\/v2\/product_brand?post=14474"},{"taxonomy":"product_cat","embeddable":true,"href":"https:\/\/ekco-ci.com\/ecommerce\/wp-json\/wp\/v2\/product_cat?post=14474"},{"taxonomy":"product_tag","embeddable":true,"href":"https:\/\/ekco-ci.com\/ecommerce\/wp-json\/wp\/v2\/product_tag?post=14474"}],"curies":[{"name":"wp","href":"https:\/\/api.w.org\/{rel}","templated":true}]}}