{"id":14463,"date":"2026-03-28T10:05:17","date_gmt":"2026-03-28T10:05:17","guid":{"rendered":"https:\/\/ekco-ci.com\/ecommerce\/?post_type=product&#038;p=14463"},"modified":"2026-03-28T10:05:19","modified_gmt":"2026-03-28T10:05:19","slug":"cuiseur-de-riz-electrique-5-l","status":"publish","type":"product","link":"https:\/\/ekco-ci.com\/ecommerce\/produit\/cuiseur-de-riz-electrique-5-l\/","title":{"rendered":"Cuiseur De Riz Electrique &#8211; 5 L"},"content":{"rendered":"<p><b>C<\/b><b>uiseur \u00e0 riz<\/b><b>\u00a0 livr\u00e9 avec une capacit\u00e9 de 5L,<\/b><\/p>\n<ul>\n<li>Ce qui est plus que suffisant pour cuisiner vos repas quotidiens.\u00a0Le panier vapeur vous permet de cuire \u00e0 la vapeur une vari\u00e9t\u00e9 de viandes et de l\u00e9gumes, en les cuisant de mani\u00e8re saine et efficace.<\/li>\n<li>La fonction de maintien au chaud garantit que vos aliments restent bien au chaud une fois qu&#8217;ils ont \u00e9t\u00e9 cuits jusqu&#8217;\u00e0 l&#8217;heure de votre repas.<\/li>\n<li>Le m\u00e9canisme de verrouillage de cet appareil emp\u00eache tout d\u00e9bordement et en fait un appareil s\u00fbr \u00e0 utiliser.<b>Ce cuiseur \u00e0 riz a une capacit\u00e9 suffisante<\/b>, le panier vapeur vous permet de cuire \u00e0 la vapeur une vari\u00e9t\u00e9 de viandes et de l\u00e9gumes, en les cuisant de mani\u00e8re saine et efficace. La fonction de maintien au chaud garantit que vos aliments restent bien au chaud une fois a \u00e9t\u00e9 cuit jusqu&#8217;\u00e0 ce qu&#8217;il soit temps pour votre repas.<\/li>\n<li>Le m\u00e9canisme de verrouillage de cet appareil emp\u00eache le d\u00e9bordement et en fait un appareil s\u00fbr \u00e0 utiliser.<\/li>\n<\/ul>\n<h2>Comment utiliser un cuiseur \u00e0 riz<\/h2>\n<h2 class=\"-m -fs14 -phs\"><img decoding=\"async\" src=\"https:\/\/ci.jumia.is\/cms\/external\/pet\/GE070HA1KHOGYNAFAMZ\/5e47051a6f6f52c97c37272700a171fe.jpg\" alt=\"Comment utiliser un cuiseur \u00e0 riz\" data-src=\"https:\/\/ci.jumia.is\/cms\/external\/pet\/GE070HA1KHOGYNAFAMZ\/5e47051a6f6f52c97c37272700a171fe.jpg\" \/>Mesurez la bonne quantit\u00e9 de riz et placez-le dans un bol.<img decoding=\"async\" src=\"https:\/\/ci.jumia.is\/cms\/external\/pet\/GE070HA1KHOGYNAFAMZ\/6bffc45b60bea25416d372b4d3ee4ce6.jpg\" alt=\"Combien de temps faut-il pour cuire du riz dans un cuiseur \u00e0 riz\" data-src=\"https:\/\/ci.jumia.is\/cms\/external\/pet\/GE070HA1KHOGYNAFAMZ\/6bffc45b60bea25416d372b4d3ee4ce6.jpg\" \/>2. Facultatif\u00a0: Rincez le riz jusqu&#8217;\u00e0 ce que l&#8217;eau devienne claire.<img decoding=\"async\" src=\"https:\/\/ci.jumia.is\/cms\/external\/pet\/GE070HA1KHOGYNAFAMZ\/6674a160201d43984ecfa89a390a70f3.jpg\" alt=\"Combien de temps cuire du riz dans un cuiseur \u00e0 riz\" data-src=\"https:\/\/ci.jumia.is\/cms\/external\/pet\/GE070HA1KHOGYNAFAMZ\/6674a160201d43984ecfa89a390a70f3.jpg\" \/>3. Transf\u00e9rez le riz du bol dans la casserole int\u00e9rieure de votre cuiseur \u00e0 riz.\u00a0Vous pouvez \u00e9galement utiliser une serviette en riz r\u00e9utilisable pour faciliter votre nettoyage par la suite.<img decoding=\"async\" src=\"https:\/\/ci.jumia.is\/cms\/external\/pet\/GE070HA1KHOGYNAFAMZ\/541e7e1f132c75aaf8d77e72123c8ab1.jpg\" alt=\"Comment utiliser un cuiseur \u00e0 riz\" data-src=\"https:\/\/ci.jumia.is\/cms\/external\/pet\/GE070HA1KHOGYNAFAMZ\/541e7e1f132c75aaf8d77e72123c8ab1.jpg\" \/>4. Ajoutez de l&#8217;eau dans la casserole du cuiseur \u00e0 riz.<img decoding=\"async\" src=\"https:\/\/ci.jumia.is\/cms\/external\/pet\/GE070HA1KHOGYNAFAMZ\/78c39bd23cf596e6b9e5a1aae8fd3744.jpg\" alt=\"Combien de temps faut-il pour cuire du riz blanc dans un cuiseur \u00e0 riz\" data-src=\"https:\/\/ci.jumia.is\/cms\/external\/pet\/GE070HA1KHOGYNAFAMZ\/78c39bd23cf596e6b9e5a1aae8fd3744.jpg\" \/>5. Placez la casserole \u00e0 l&#8217;int\u00e9rieur de votre cuiseur \u00e0 riz et fermez le dessus.\u00a0Vous pouvez \u00e9galement ajouter des \u00e9pices, de l&#8217;huile ou du beurre \u00e0 cette \u00e9tape.<img decoding=\"async\" src=\"https:\/\/ci.jumia.is\/cms\/external\/pet\/GE070HA1KHOGYNAFAMZ\/44e160ad0c3e54c8a852193805950e83.jpg\" alt=\"Que pouvez-vous faire d'autre dans un cuiseur \u00e0 riz\" data-src=\"https:\/\/ci.jumia.is\/cms\/external\/pet\/GE070HA1KHOGYNAFAMZ\/44e160ad0c3e54c8a852193805950e83.jpg\" \/>6. Branchez votre cuiseur \u00e0 riz et allumez le cuiseur.\u00a0La plupart des cuisini\u00e8res ont une lumi\u00e8re \u00e0 l&#8217;avant qui indique quand l&#8217;appareil est allum\u00e9.<img decoding=\"async\" src=\"https:\/\/ci.jumia.is\/cms\/external\/pet\/GE070HA1KHOGYNAFAMZ\/bd24bedb79b54ad1eef96f64291dd78c.jpg\" alt=\"Combien de temps faut-il pour cuire du riz brun dans un cuiseur \u00e0 riz\" data-src=\"https:\/\/ci.jumia.is\/cms\/external\/pet\/GE070HA1KHOGYNAFAMZ\/bd24bedb79b54ad1eef96f64291dd78c.jpg\" \/>7. Lorsque votre riz a fini de cuire, la cuisini\u00e8re vous avertira en \u00e9teignant la lumi\u00e8re, en relevant l&#8217;interrupteur ou en \u00e9mettant un son.\u00a0Une fois la cuisson de votre riz termin\u00e9e, laissez-le reposer au moins 15 minutes en mode Maintien au chaud avant de servir.\u00a0Cela permettra \u00e0 tout exc\u00e8s d&#8217;humidit\u00e9 de s&#8217;\u00e9vaporer et permettra \u00e0 votre riz d&#8217;absorber compl\u00e8tement l&#8217;eau.<img decoding=\"async\" src=\"https:\/\/ci.jumia.is\/cms\/external\/pet\/GE070HA1KHOGYNAFAMZ\/c0d83d4f83d059bb254431fee15a9fa9.jpg\" alt=\"Comment utiliser un cuiseur \u00e0 riz \u00e9lectrique\" data-src=\"https:\/\/ci.jumia.is\/cms\/external\/pet\/GE070HA1KHOGYNAFAMZ\/c0d83d4f83d059bb254431fee15a9fa9.jpg\" \/>8. Utilisez des ustensiles de service en plastique ou des pagaies \u00e0 riz pour servir votre riz.<br \/>\nL&#8217;utilisation d&#8217;un cuiseur \u00e0 riz est rapide et pratique, en particulier lors de la pr\u00e9paration de grandes quantit\u00e9s de riz, ce qui en fait des appareils id\u00e9aux pour les \u00e9tablissements de restauration.\u00a0De plus, en apprendre davantage sur le rin\u00e7age de votre riz et le bon rapport riz\/eau peut vous aider \u00e0 vous assurer que vous servez le riz le plus moelleux et le meilleur possible \u00e0 vos employ\u00e9s.<\/h2>\n","protected":false},"excerpt":{"rendered":"<p>Cuiseur \u00e0 riz\u00a0 livr\u00e9 avec une capacit\u00e9 de 5L, Ce qui est plus que suffisant pour cuisiner vos repas quotidiens.\u00a0Le [&hellip;]<\/p>\n","protected":false},"featured_media":14464,"comment_status":"open","ping_status":"closed","template":"","meta":{"_uag_custom_page_level_css":"","site-sidebar-layout":"default","site-content-layout":"","ast-site-content-layout":"default","site-content-style":"default","site-sidebar-style":"default","ast-global-header-display":"","ast-banner-title-visibility":"","ast-main-header-display":"","ast-hfb-above-header-display":"","ast-hfb-below-header-display":"","ast-hfb-mobile-header-display":"","site-post-title":"","ast-breadcrumbs-content":"","ast-featured-img":"","footer-sml-layout":"","ast-disable-related-posts":"","theme-transparent-header-meta":"default","adv-header-id-meta":"","stick-header-meta":"","header-above-stick-meta":"","header-main-stick-meta":"","header-below-stick-meta":"","astra-migrate-meta-layouts":"set","ast-page-background-enabled":"default","ast-page-background-meta":{"desktop":{"background-color":"var(--ast-global-color-4)","background-image":"","background-repeat":"repeat","background-position":"center center","background-size":"auto","background-attachment":"scroll","background-type":"","background-media":"","overlay-type":"","overlay-color":"","overlay-opacity":"","overlay-gradient":""},"tablet":{"background-color":"","background-image":"","background-repeat":"repeat","background-position":"center center","background-size":"auto","background-attachment":"scroll","background-type":"","background-media":"","overlay-type":"","overlay-color":"","overlay-opacity":"","overlay-gradient":""},"mobile":{"background-color":"","background-image":"","background-repeat":"repeat","background-position":"center center","background-size":"auto","background-attachment":"scroll","background-type":"","background-media":"","overlay-type":"","overlay-color":"","overlay-opacity":"","overlay-gradient":""}},"ast-content-background-meta":{"desktop":{"background-color":"var(--ast-global-color-5)","background-image":"","background-repeat":"repeat","background-position":"center center","background-size":"auto","background-attachment":"scroll","background-type":"","background-media":"","overlay-type":"","overlay-color":"","overlay-opacity":"","overlay-gradient":""},"tablet":{"background-color":"var(--ast-global-color-5)","background-image":"","background-repeat":"repeat","background-position":"center center","background-size":"auto","background-attachment":"scroll","background-type":"","background-media":"","overlay-type":"","overlay-color":"","overlay-opacity":"","overlay-gradient":""},"mobile":{"background-color":"var(--ast-global-color-5)","background-image":"","background-repeat":"repeat","background-position":"center center","background-size":"auto","background-attachment":"scroll","background-type":"","background-media":"","overlay-type":"","overlay-color":"","overlay-opacity":"","overlay-gradient":""}}},"product_brand":[],"product_cat":[439,75,77,293],"product_tag":[],"class_list":{"0":"post-14463","1":"product","2":"type-product","3":"status-publish","4":"has-post-thumbnail","6":"product_cat-appareils-de-cuisson","7":"product_cat-appareils-de-preparation-culinaire-fait-maison","8":"product_cat-appareils-menagers","9":"product_cat-appareils-menagers-2","10":"desktop-align-left","11":"tablet-align-left","12":"mobile-align-left","14":"first","15":"instock","16":"sale","17":"shipping-taxable","18":"purchasable","19":"product-type-simple"},"yoast_head":"<!-- This site is optimized with the Yoast SEO plugin v26.8 - https:\/\/yoast.com\/product\/yoast-seo-wordpress\/ -->\n<title>Cuiseur De Riz Electrique - 5 L - Ekco Boutique<\/title>\n<meta name=\"robots\" content=\"index, follow, max-snippet:-1, max-image-preview:large, max-video-preview:-1\" \/>\n<link rel=\"canonical\" href=\"https:\/\/ekco-ci.com\/ecommerce\/produit\/cuiseur-de-riz-electrique-5-l\/\" \/>\n<meta property=\"og:locale\" content=\"fr_FR\" \/>\n<meta property=\"og:type\" content=\"article\" \/>\n<meta property=\"og:title\" content=\"Cuiseur De Riz Electrique - 5 L - Ekco Boutique\" \/>\n<meta property=\"og:description\" content=\"Cuiseur \u00e0 riz\u00a0 livr\u00e9 avec une capacit\u00e9 de 5L, Ce qui est plus que suffisant pour cuisiner vos repas quotidiens.\u00a0Le [&hellip;]\" \/>\n<meta property=\"og:url\" content=\"https:\/\/ekco-ci.com\/ecommerce\/produit\/cuiseur-de-riz-electrique-5-l\/\" \/>\n<meta property=\"og:site_name\" content=\"Ekco Boutique\" \/>\n<meta property=\"article:modified_time\" content=\"2026-03-28T10:05:19+00:00\" \/>\n<meta property=\"og:image\" content=\"https:\/\/ekco-ci.com\/ecommerce\/wp-content\/uploads\/2026\/03\/1-2026-03-28T094719.315.jpg\" \/>\n\t<meta property=\"og:image:width\" content=\"680\" \/>\n\t<meta property=\"og:image:height\" content=\"680\" \/>\n\t<meta property=\"og:image:type\" content=\"image\/jpeg\" \/>\n<meta name=\"twitter:card\" content=\"summary_large_image\" \/>\n<meta name=\"twitter:label1\" content=\"Dur\u00e9e de lecture estim\u00e9e\" \/>\n\t<meta name=\"twitter:data1\" content=\"5 minutes\" \/>\n<script type=\"application\/ld+json\" class=\"yoast-schema-graph\">{\"@context\":\"https:\/\/schema.org\",\"@graph\":[{\"@type\":\"WebPage\",\"@id\":\"https:\/\/ekco-ci.com\/ecommerce\/produit\/cuiseur-de-riz-electrique-5-l\/\",\"url\":\"https:\/\/ekco-ci.com\/ecommerce\/produit\/cuiseur-de-riz-electrique-5-l\/\",\"name\":\"Cuiseur De Riz Electrique - 5 L - Ekco Boutique\",\"isPartOf\":{\"@id\":\"https:\/\/ekco-ci.com\/ecommerce\/#website\"},\"primaryImageOfPage\":{\"@id\":\"https:\/\/ekco-ci.com\/ecommerce\/produit\/cuiseur-de-riz-electrique-5-l\/#primaryimage\"},\"image\":{\"@id\":\"https:\/\/ekco-ci.com\/ecommerce\/produit\/cuiseur-de-riz-electrique-5-l\/#primaryimage\"},\"thumbnailUrl\":\"https:\/\/ekco-ci.com\/ecommerce\/wp-content\/uploads\/2026\/03\/1-2026-03-28T094719.315.jpg\",\"datePublished\":\"2026-03-28T10:05:17+00:00\",\"dateModified\":\"2026-03-28T10:05:19+00:00\",\"breadcrumb\":{\"@id\":\"https:\/\/ekco-ci.com\/ecommerce\/produit\/cuiseur-de-riz-electrique-5-l\/#breadcrumb\"},\"inLanguage\":\"fr-FR\",\"potentialAction\":[{\"@type\":\"ReadAction\",\"target\":[\"https:\/\/ekco-ci.com\/ecommerce\/produit\/cuiseur-de-riz-electrique-5-l\/\"]}]},{\"@type\":\"ImageObject\",\"inLanguage\":\"fr-FR\",\"@id\":\"https:\/\/ekco-ci.com\/ecommerce\/produit\/cuiseur-de-riz-electrique-5-l\/#primaryimage\",\"url\":\"https:\/\/ekco-ci.com\/ecommerce\/wp-content\/uploads\/2026\/03\/1-2026-03-28T094719.315.jpg\",\"contentUrl\":\"https:\/\/ekco-ci.com\/ecommerce\/wp-content\/uploads\/2026\/03\/1-2026-03-28T094719.315.jpg\",\"width\":680,\"height\":680},{\"@type\":\"BreadcrumbList\",\"@id\":\"https:\/\/ekco-ci.com\/ecommerce\/produit\/cuiseur-de-riz-electrique-5-l\/#breadcrumb\",\"itemListElement\":[{\"@type\":\"ListItem\",\"position\":1,\"name\":\"Home\",\"item\":\"https:\/\/ekco-ci.com\/ecommerce\/\"},{\"@type\":\"ListItem\",\"position\":2,\"name\":\"Boutique\",\"item\":\"https:\/\/ekco-ci.com\/ecommerce\/boutique\/\"},{\"@type\":\"ListItem\",\"position\":3,\"name\":\"Cuiseur De Riz Electrique &#8211; 5 L\"}]},{\"@type\":\"WebSite\",\"@id\":\"https:\/\/ekco-ci.com\/ecommerce\/#website\",\"url\":\"https:\/\/ekco-ci.com\/ecommerce\/\",\"name\":\"Ekco Boutique\",\"description\":\"Ekco Boutique! La qualit\u00e9 au c\u0153ur de chaque achat\",\"publisher\":{\"@id\":\"https:\/\/ekco-ci.com\/ecommerce\/#organization\"},\"alternateName\":\"Boutique\",\"potentialAction\":[{\"@type\":\"SearchAction\",\"target\":{\"@type\":\"EntryPoint\",\"urlTemplate\":\"https:\/\/ekco-ci.com\/ecommerce\/?s={search_term_string}\"},\"query-input\":{\"@type\":\"PropertyValueSpecification\",\"valueRequired\":true,\"valueName\":\"search_term_string\"}}],\"inLanguage\":\"fr-FR\"},{\"@type\":\"Organization\",\"@id\":\"https:\/\/ekco-ci.com\/ecommerce\/#organization\",\"name\":\"Ekco Boutique\",\"url\":\"https:\/\/ekco-ci.com\/ecommerce\/\",\"logo\":{\"@type\":\"ImageObject\",\"inLanguage\":\"fr-FR\",\"@id\":\"https:\/\/ekco-ci.com\/ecommerce\/#\/schema\/logo\/image\/\",\"url\":\"https:\/\/ekco-ci.com\/ecommerce\/wp-content\/uploads\/2024\/08\/cropped-lologo.png\",\"contentUrl\":\"https:\/\/ekco-ci.com\/ecommerce\/wp-content\/uploads\/2024\/08\/cropped-lologo.png\",\"width\":512,\"height\":512,\"caption\":\"Ekco Boutique\"},\"image\":{\"@id\":\"https:\/\/ekco-ci.com\/ecommerce\/#\/schema\/logo\/image\/\"}}]}<\/script>\n<!-- \/ Yoast SEO plugin. -->","yoast_head_json":{"title":"Cuiseur De Riz Electrique - 5 L - Ekco Boutique","robots":{"index":"index","follow":"follow","max-snippet":"max-snippet:-1","max-image-preview":"max-image-preview:large","max-video-preview":"max-video-preview:-1"},"canonical":"https:\/\/ekco-ci.com\/ecommerce\/produit\/cuiseur-de-riz-electrique-5-l\/","og_locale":"fr_FR","og_type":"article","og_title":"Cuiseur De Riz Electrique - 5 L - Ekco Boutique","og_description":"Cuiseur \u00e0 riz\u00a0 livr\u00e9 avec une capacit\u00e9 de 5L, Ce qui est plus que suffisant pour cuisiner vos repas quotidiens.\u00a0Le [&hellip;]","og_url":"https:\/\/ekco-ci.com\/ecommerce\/produit\/cuiseur-de-riz-electrique-5-l\/","og_site_name":"Ekco Boutique","article_modified_time":"2026-03-28T10:05:19+00:00","og_image":[{"width":680,"height":680,"url":"https:\/\/ekco-ci.com\/ecommerce\/wp-content\/uploads\/2026\/03\/1-2026-03-28T094719.315.jpg","type":"image\/jpeg"}],"twitter_card":"summary_large_image","twitter_misc":{"Dur\u00e9e de lecture estim\u00e9e":"5 minutes"},"schema":{"@context":"https:\/\/schema.org","@graph":[{"@type":"WebPage","@id":"https:\/\/ekco-ci.com\/ecommerce\/produit\/cuiseur-de-riz-electrique-5-l\/","url":"https:\/\/ekco-ci.com\/ecommerce\/produit\/cuiseur-de-riz-electrique-5-l\/","name":"Cuiseur De Riz Electrique - 5 L - Ekco Boutique","isPartOf":{"@id":"https:\/\/ekco-ci.com\/ecommerce\/#website"},"primaryImageOfPage":{"@id":"https:\/\/ekco-ci.com\/ecommerce\/produit\/cuiseur-de-riz-electrique-5-l\/#primaryimage"},"image":{"@id":"https:\/\/ekco-ci.com\/ecommerce\/produit\/cuiseur-de-riz-electrique-5-l\/#primaryimage"},"thumbnailUrl":"https:\/\/ekco-ci.com\/ecommerce\/wp-content\/uploads\/2026\/03\/1-2026-03-28T094719.315.jpg","datePublished":"2026-03-28T10:05:17+00:00","dateModified":"2026-03-28T10:05:19+00:00","breadcrumb":{"@id":"https:\/\/ekco-ci.com\/ecommerce\/produit\/cuiseur-de-riz-electrique-5-l\/#breadcrumb"},"inLanguage":"fr-FR","potentialAction":[{"@type":"ReadAction","target":["https:\/\/ekco-ci.com\/ecommerce\/produit\/cuiseur-de-riz-electrique-5-l\/"]}]},{"@type":"ImageObject","inLanguage":"fr-FR","@id":"https:\/\/ekco-ci.com\/ecommerce\/produit\/cuiseur-de-riz-electrique-5-l\/#primaryimage","url":"https:\/\/ekco-ci.com\/ecommerce\/wp-content\/uploads\/2026\/03\/1-2026-03-28T094719.315.jpg","contentUrl":"https:\/\/ekco-ci.com\/ecommerce\/wp-content\/uploads\/2026\/03\/1-2026-03-28T094719.315.jpg","width":680,"height":680},{"@type":"BreadcrumbList","@id":"https:\/\/ekco-ci.com\/ecommerce\/produit\/cuiseur-de-riz-electrique-5-l\/#breadcrumb","itemListElement":[{"@type":"ListItem","position":1,"name":"Home","item":"https:\/\/ekco-ci.com\/ecommerce\/"},{"@type":"ListItem","position":2,"name":"Boutique","item":"https:\/\/ekco-ci.com\/ecommerce\/boutique\/"},{"@type":"ListItem","position":3,"name":"Cuiseur De Riz Electrique &#8211; 5 L"}]},{"@type":"WebSite","@id":"https:\/\/ekco-ci.com\/ecommerce\/#website","url":"https:\/\/ekco-ci.com\/ecommerce\/","name":"Ekco Boutique","description":"Ekco Boutique! La qualit\u00e9 au c\u0153ur de chaque achat","publisher":{"@id":"https:\/\/ekco-ci.com\/ecommerce\/#organization"},"alternateName":"Boutique","potentialAction":[{"@type":"SearchAction","target":{"@type":"EntryPoint","urlTemplate":"https:\/\/ekco-ci.com\/ecommerce\/?s={search_term_string}"},"query-input":{"@type":"PropertyValueSpecification","valueRequired":true,"valueName":"search_term_string"}}],"inLanguage":"fr-FR"},{"@type":"Organization","@id":"https:\/\/ekco-ci.com\/ecommerce\/#organization","name":"Ekco Boutique","url":"https:\/\/ekco-ci.com\/ecommerce\/","logo":{"@type":"ImageObject","inLanguage":"fr-FR","@id":"https:\/\/ekco-ci.com\/ecommerce\/#\/schema\/logo\/image\/","url":"https:\/\/ekco-ci.com\/ecommerce\/wp-content\/uploads\/2024\/08\/cropped-lologo.png","contentUrl":"https:\/\/ekco-ci.com\/ecommerce\/wp-content\/uploads\/2024\/08\/cropped-lologo.png","width":512,"height":512,"caption":"Ekco Boutique"},"image":{"@id":"https:\/\/ekco-ci.com\/ecommerce\/#\/schema\/logo\/image\/"}}]}},"uagb_featured_image_src":{"full":["https:\/\/ekco-ci.com\/ecommerce\/wp-content\/uploads\/2026\/03\/1-2026-03-28T094719.315.jpg",680,680,false],"thumbnail":["https:\/\/ekco-ci.com\/ecommerce\/wp-content\/uploads\/2026\/03\/1-2026-03-28T094719.315-150x150.jpg",150,150,true],"medium":["https:\/\/ekco-ci.com\/ecommerce\/wp-content\/uploads\/2026\/03\/1-2026-03-28T094719.315-300x300.jpg",300,300,true],"medium_large":["https:\/\/ekco-ci.com\/ecommerce\/wp-content\/uploads\/2026\/03\/1-2026-03-28T094719.315.jpg",680,680,false],"large":["https:\/\/ekco-ci.com\/ecommerce\/wp-content\/uploads\/2026\/03\/1-2026-03-28T094719.315.jpg",680,680,false],"1536x1536":["https:\/\/ekco-ci.com\/ecommerce\/wp-content\/uploads\/2026\/03\/1-2026-03-28T094719.315.jpg",680,680,false],"2048x2048":["https:\/\/ekco-ci.com\/ecommerce\/wp-content\/uploads\/2026\/03\/1-2026-03-28T094719.315.jpg",680,680,false],"cfw_cart_thumb":["https:\/\/ekco-ci.com\/ecommerce\/wp-content\/uploads\/2026\/03\/1-2026-03-28T094719.315-60x60.jpg",60,60,true],"cfw_order_bump_thumb":["https:\/\/ekco-ci.com\/ecommerce\/wp-content\/uploads\/2026\/03\/1-2026-03-28T094719.315-320x320.jpg",320,320,true],"woocommerce_thumbnail":["https:\/\/ekco-ci.com\/ecommerce\/wp-content\/uploads\/2026\/03\/1-2026-03-28T094719.315-300x225.jpg",300,225,true],"woocommerce_single":["https:\/\/ekco-ci.com\/ecommerce\/wp-content\/uploads\/2026\/03\/1-2026-03-28T094719.315-600x600.jpg",600,600,true],"woocommerce_gallery_thumbnail":["https:\/\/ekco-ci.com\/ecommerce\/wp-content\/uploads\/2026\/03\/1-2026-03-28T094719.315-100x100.jpg",100,100,true]},"uagb_author_info":{"display_name":"Charlemagne Koula","author_link":"https:\/\/ekco-ci.com\/ecommerce\/author\/"},"uagb_comment_info":0,"uagb_excerpt":"Cuiseur \u00e0 riz\u00a0 livr\u00e9 avec une capacit\u00e9 de 5L, Ce qui est plus que suffisant pour cuisiner vos repas quotidiens.\u00a0Le [&hellip;]","_links":{"self":[{"href":"https:\/\/ekco-ci.com\/ecommerce\/wp-json\/wp\/v2\/product\/14463","targetHints":{"allow":["GET"]}}],"collection":[{"href":"https:\/\/ekco-ci.com\/ecommerce\/wp-json\/wp\/v2\/product"}],"about":[{"href":"https:\/\/ekco-ci.com\/ecommerce\/wp-json\/wp\/v2\/types\/product"}],"replies":[{"embeddable":true,"href":"https:\/\/ekco-ci.com\/ecommerce\/wp-json\/wp\/v2\/comments?post=14463"}],"wp:featuredmedia":[{"embeddable":true,"href":"https:\/\/ekco-ci.com\/ecommerce\/wp-json\/wp\/v2\/media\/14464"}],"wp:attachment":[{"href":"https:\/\/ekco-ci.com\/ecommerce\/wp-json\/wp\/v2\/media?parent=14463"}],"wp:term":[{"taxonomy":"product_brand","embeddable":true,"href":"https:\/\/ekco-ci.com\/ecommerce\/wp-json\/wp\/v2\/product_brand?post=14463"},{"taxonomy":"product_cat","embeddable":true,"href":"https:\/\/ekco-ci.com\/ecommerce\/wp-json\/wp\/v2\/product_cat?post=14463"},{"taxonomy":"product_tag","embeddable":true,"href":"https:\/\/ekco-ci.com\/ecommerce\/wp-json\/wp\/v2\/product_tag?post=14463"}],"curies":[{"name":"wp","href":"https:\/\/api.w.org\/{rel}","templated":true}]}}