{"id":12756,"date":"2026-01-23T11:16:28","date_gmt":"2026-01-23T11:16:28","guid":{"rendered":"https:\/\/ekco-ci.com\/ecommerce\/?post_type=product&#038;p=12756"},"modified":"2026-01-23T11:16:29","modified_gmt":"2026-01-23T11:16:29","slug":"partagez-ce-produit-perruque-naturel-avec-closure-lace-frontal-colle-ruban-et-2-bonnets","status":"publish","type":"product","link":"https:\/\/ekco-ci.com\/ecommerce\/produit\/partagez-ce-produit-perruque-naturel-avec-closure-lace-frontal-colle-ruban-et-2-bonnets\/","title":{"rendered":"Partagez ce produit    Perruque Naturel Avec Closure Lace Frontal + Colle Ruban Et 2 Bonnets"},"content":{"rendered":"<p>Naturel et facile \u00e0 g\u00e9rer tout en vous donnant l&#8217;aspect naturel et durable de vos cheveux. Il y&#8217;a deux sangles de r\u00e9glage des deux c\u00f4t\u00e9s de la perruque, vous pouvez l&#8217;ajouter \u00e0 votre taille. La\u00a0<b>colle<\/b>\u00a0<b>Ruban<\/b>\u00a0adh\u00e9sif est utilis\u00e9e pour les perruques,\u00a0<b>perruques<\/b>\u00a0de dentelles et\u00a0<b>extensions<\/b>\u00a0de cheveux.\u00a0<b>Application<\/b> de la colle Ruban adh\u00e9sif :1- Comme d&#8217;habitude, mettez vos cheveux dans le bonnet de la perruque.2- Nettoyez avec l&#8217;huile le long de la racine des cheveux avec un chiffon humide pour am\u00e9liorer la tenue du ruban.3- Placez le ruban adh\u00e9sif sur la racine des cheveux en faisant attention \u00e0 leur longueur et assurez vous que la ligne m\u00e9diane du ruban repose juste sur la racine des cheveux.4- Fixez les cheveux de devant de la perruque avec des pinces au cas o\u00f9 elles tomberaient sur le ruban et retirer le dessus de la bande.5- \u00c9tirez le bord de la perruque avec votre main, puis tirez doucement vers l&#8217;avant, puis mettre la perruque au bon endroit.6- Appuyez sur la zone de bande. C&#8217;est bon la surface de la dentelle est bonne.<\/p>\n","protected":false},"excerpt":{"rendered":"<p>Naturel et facile \u00e0 g\u00e9rer tout en vous donnant l&#8217;aspect naturel et durable de vos cheveux. Il y&#8217;a deux sangles [&hellip;]<\/p>\n","protected":false},"featured_media":12757,"comment_status":"open","ping_status":"closed","template":"","meta":{"_uag_custom_page_level_css":"","site-sidebar-layout":"default","site-content-layout":"","ast-site-content-layout":"default","site-content-style":"default","site-sidebar-style":"default","ast-global-header-display":"","ast-banner-title-visibility":"","ast-main-header-display":"","ast-hfb-above-header-display":"","ast-hfb-below-header-display":"","ast-hfb-mobile-header-display":"","site-post-title":"","ast-breadcrumbs-content":"","ast-featured-img":"","footer-sml-layout":"","ast-disable-related-posts":"","theme-transparent-header-meta":"default","adv-header-id-meta":"","stick-header-meta":"","header-above-stick-meta":"","header-main-stick-meta":"","header-below-stick-meta":"","astra-migrate-meta-layouts":"set","ast-page-background-enabled":"default","ast-page-background-meta":{"desktop":{"background-color":"var(--ast-global-color-4)","background-image":"","background-repeat":"repeat","background-position":"center center","background-size":"auto","background-attachment":"scroll","background-type":"","background-media":"","overlay-type":"","overlay-color":"","overlay-opacity":"","overlay-gradient":""},"tablet":{"background-color":"","background-image":"","background-repeat":"repeat","background-position":"center center","background-size":"auto","background-attachment":"scroll","background-type":"","background-media":"","overlay-type":"","overlay-color":"","overlay-opacity":"","overlay-gradient":""},"mobile":{"background-color":"","background-image":"","background-repeat":"repeat","background-position":"center center","background-size":"auto","background-attachment":"scroll","background-type":"","background-media":"","overlay-type":"","overlay-color":"","overlay-opacity":"","overlay-gradient":""}},"ast-content-background-meta":{"desktop":{"background-color":"var(--ast-global-color-5)","background-image":"","background-repeat":"repeat","background-position":"center center","background-size":"auto","background-attachment":"scroll","background-type":"","background-media":"","overlay-type":"","overlay-color":"","overlay-opacity":"","overlay-gradient":""},"tablet":{"background-color":"var(--ast-global-color-5)","background-image":"","background-repeat":"repeat","background-position":"center center","background-size":"auto","background-attachment":"scroll","background-type":"","background-media":"","overlay-type":"","overlay-color":"","overlay-opacity":"","overlay-gradient":""},"mobile":{"background-color":"var(--ast-global-color-5)","background-image":"","background-repeat":"repeat","background-position":"center center","background-size":"auto","background-attachment":"scroll","background-type":"","background-media":"","overlay-type":"","overlay-color":"","overlay-opacity":"","overlay-gradient":""}}},"product_brand":[],"product_cat":[920,61,60],"product_tag":[],"class_list":{"0":"post-12756","1":"product","2":"type-product","3":"status-publish","4":"has-post-thumbnail","6":"product_cat-accessoires-femme-mode-femme","7":"product_cat-mode-femme","8":"product_cat-perruque","9":"desktop-align-left","10":"tablet-align-left","11":"mobile-align-left","13":"first","14":"instock","15":"sale","16":"shipping-taxable","17":"purchasable","18":"product-type-simple"},"yoast_head":"<!-- This site is optimized with the Yoast SEO plugin v26.8 - https:\/\/yoast.com\/product\/yoast-seo-wordpress\/ -->\n<title>Partagez ce produit  Perruque Naturel Avec Closure Lace Frontal + Colle Ruban Et 2 Bonnets - Ekco Boutique<\/title>\n<meta name=\"robots\" content=\"index, follow, max-snippet:-1, max-image-preview:large, max-video-preview:-1\" \/>\n<link rel=\"canonical\" href=\"https:\/\/ekco-ci.com\/ecommerce\/produit\/partagez-ce-produit-perruque-naturel-avec-closure-lace-frontal-colle-ruban-et-2-bonnets\/\" \/>\n<meta property=\"og:locale\" content=\"fr_FR\" \/>\n<meta property=\"og:type\" content=\"article\" \/>\n<meta property=\"og:title\" content=\"Partagez ce produit  Perruque Naturel Avec Closure Lace Frontal + Colle Ruban Et 2 Bonnets - Ekco Boutique\" \/>\n<meta property=\"og:description\" content=\"Naturel et facile \u00e0 g\u00e9rer tout en vous donnant l&#8217;aspect naturel et durable de vos cheveux. Il y&#8217;a deux sangles [&hellip;]\" \/>\n<meta property=\"og:url\" content=\"https:\/\/ekco-ci.com\/ecommerce\/produit\/partagez-ce-produit-perruque-naturel-avec-closure-lace-frontal-colle-ruban-et-2-bonnets\/\" \/>\n<meta property=\"og:site_name\" content=\"Ekco Boutique\" \/>\n<meta property=\"article:modified_time\" content=\"2026-01-23T11:16:29+00:00\" \/>\n<meta property=\"og:image\" content=\"https:\/\/ekco-ci.com\/ecommerce\/wp-content\/uploads\/2026\/01\/2-7-2.jpg\" \/>\n\t<meta property=\"og:image:width\" content=\"680\" \/>\n\t<meta property=\"og:image:height\" content=\"680\" \/>\n\t<meta property=\"og:image:type\" content=\"image\/jpeg\" \/>\n<meta name=\"twitter:card\" content=\"summary_large_image\" \/>\n<meta name=\"twitter:label1\" content=\"Dur\u00e9e de lecture estim\u00e9e\" \/>\n\t<meta name=\"twitter:data1\" content=\"2 minutes\" \/>\n<script type=\"application\/ld+json\" class=\"yoast-schema-graph\">{\"@context\":\"https:\/\/schema.org\",\"@graph\":[{\"@type\":\"WebPage\",\"@id\":\"https:\/\/ekco-ci.com\/ecommerce\/produit\/partagez-ce-produit-perruque-naturel-avec-closure-lace-frontal-colle-ruban-et-2-bonnets\/\",\"url\":\"https:\/\/ekco-ci.com\/ecommerce\/produit\/partagez-ce-produit-perruque-naturel-avec-closure-lace-frontal-colle-ruban-et-2-bonnets\/\",\"name\":\"Partagez ce produit Perruque Naturel Avec Closure Lace Frontal + Colle Ruban Et 2 Bonnets - Ekco Boutique\",\"isPartOf\":{\"@id\":\"https:\/\/ekco-ci.com\/ecommerce\/#website\"},\"primaryImageOfPage\":{\"@id\":\"https:\/\/ekco-ci.com\/ecommerce\/produit\/partagez-ce-produit-perruque-naturel-avec-closure-lace-frontal-colle-ruban-et-2-bonnets\/#primaryimage\"},\"image\":{\"@id\":\"https:\/\/ekco-ci.com\/ecommerce\/produit\/partagez-ce-produit-perruque-naturel-avec-closure-lace-frontal-colle-ruban-et-2-bonnets\/#primaryimage\"},\"thumbnailUrl\":\"https:\/\/ekco-ci.com\/ecommerce\/wp-content\/uploads\/2026\/01\/2-7-2.jpg\",\"datePublished\":\"2026-01-23T11:16:28+00:00\",\"dateModified\":\"2026-01-23T11:16:29+00:00\",\"breadcrumb\":{\"@id\":\"https:\/\/ekco-ci.com\/ecommerce\/produit\/partagez-ce-produit-perruque-naturel-avec-closure-lace-frontal-colle-ruban-et-2-bonnets\/#breadcrumb\"},\"inLanguage\":\"fr-FR\",\"potentialAction\":[{\"@type\":\"ReadAction\",\"target\":[\"https:\/\/ekco-ci.com\/ecommerce\/produit\/partagez-ce-produit-perruque-naturel-avec-closure-lace-frontal-colle-ruban-et-2-bonnets\/\"]}]},{\"@type\":\"ImageObject\",\"inLanguage\":\"fr-FR\",\"@id\":\"https:\/\/ekco-ci.com\/ecommerce\/produit\/partagez-ce-produit-perruque-naturel-avec-closure-lace-frontal-colle-ruban-et-2-bonnets\/#primaryimage\",\"url\":\"https:\/\/ekco-ci.com\/ecommerce\/wp-content\/uploads\/2026\/01\/2-7-2.jpg\",\"contentUrl\":\"https:\/\/ekco-ci.com\/ecommerce\/wp-content\/uploads\/2026\/01\/2-7-2.jpg\",\"width\":680,\"height\":680},{\"@type\":\"BreadcrumbList\",\"@id\":\"https:\/\/ekco-ci.com\/ecommerce\/produit\/partagez-ce-produit-perruque-naturel-avec-closure-lace-frontal-colle-ruban-et-2-bonnets\/#breadcrumb\",\"itemListElement\":[{\"@type\":\"ListItem\",\"position\":1,\"name\":\"Home\",\"item\":\"https:\/\/ekco-ci.com\/ecommerce\/\"},{\"@type\":\"ListItem\",\"position\":2,\"name\":\"Boutique\",\"item\":\"https:\/\/ekco-ci.com\/ecommerce\/boutique\/\"},{\"@type\":\"ListItem\",\"position\":3,\"name\":\"Partagez ce produit Perruque Naturel Avec Closure Lace Frontal + Colle Ruban Et 2 Bonnets\"}]},{\"@type\":\"WebSite\",\"@id\":\"https:\/\/ekco-ci.com\/ecommerce\/#website\",\"url\":\"https:\/\/ekco-ci.com\/ecommerce\/\",\"name\":\"Ekco Boutique\",\"description\":\"Ekco Boutique! La qualit\u00e9 au c\u0153ur de chaque achat\",\"publisher\":{\"@id\":\"https:\/\/ekco-ci.com\/ecommerce\/#organization\"},\"alternateName\":\"Boutique\",\"potentialAction\":[{\"@type\":\"SearchAction\",\"target\":{\"@type\":\"EntryPoint\",\"urlTemplate\":\"https:\/\/ekco-ci.com\/ecommerce\/?s={search_term_string}\"},\"query-input\":{\"@type\":\"PropertyValueSpecification\",\"valueRequired\":true,\"valueName\":\"search_term_string\"}}],\"inLanguage\":\"fr-FR\"},{\"@type\":\"Organization\",\"@id\":\"https:\/\/ekco-ci.com\/ecommerce\/#organization\",\"name\":\"Ekco Boutique\",\"url\":\"https:\/\/ekco-ci.com\/ecommerce\/\",\"logo\":{\"@type\":\"ImageObject\",\"inLanguage\":\"fr-FR\",\"@id\":\"https:\/\/ekco-ci.com\/ecommerce\/#\/schema\/logo\/image\/\",\"url\":\"https:\/\/ekco-ci.com\/ecommerce\/wp-content\/uploads\/2024\/08\/cropped-lologo.png\",\"contentUrl\":\"https:\/\/ekco-ci.com\/ecommerce\/wp-content\/uploads\/2024\/08\/cropped-lologo.png\",\"width\":512,\"height\":512,\"caption\":\"Ekco Boutique\"},\"image\":{\"@id\":\"https:\/\/ekco-ci.com\/ecommerce\/#\/schema\/logo\/image\/\"}}]}<\/script>\n<!-- \/ Yoast SEO plugin. -->","yoast_head_json":{"title":"Partagez ce produit  Perruque Naturel Avec Closure Lace Frontal + Colle Ruban Et 2 Bonnets - Ekco Boutique","robots":{"index":"index","follow":"follow","max-snippet":"max-snippet:-1","max-image-preview":"max-image-preview:large","max-video-preview":"max-video-preview:-1"},"canonical":"https:\/\/ekco-ci.com\/ecommerce\/produit\/partagez-ce-produit-perruque-naturel-avec-closure-lace-frontal-colle-ruban-et-2-bonnets\/","og_locale":"fr_FR","og_type":"article","og_title":"Partagez ce produit  Perruque Naturel Avec Closure Lace Frontal + Colle Ruban Et 2 Bonnets - Ekco Boutique","og_description":"Naturel et facile \u00e0 g\u00e9rer tout en vous donnant l&#8217;aspect naturel et durable de vos cheveux. Il y&#8217;a deux sangles [&hellip;]","og_url":"https:\/\/ekco-ci.com\/ecommerce\/produit\/partagez-ce-produit-perruque-naturel-avec-closure-lace-frontal-colle-ruban-et-2-bonnets\/","og_site_name":"Ekco Boutique","article_modified_time":"2026-01-23T11:16:29+00:00","og_image":[{"width":680,"height":680,"url":"https:\/\/ekco-ci.com\/ecommerce\/wp-content\/uploads\/2026\/01\/2-7-2.jpg","type":"image\/jpeg"}],"twitter_card":"summary_large_image","twitter_misc":{"Dur\u00e9e de lecture estim\u00e9e":"2 minutes"},"schema":{"@context":"https:\/\/schema.org","@graph":[{"@type":"WebPage","@id":"https:\/\/ekco-ci.com\/ecommerce\/produit\/partagez-ce-produit-perruque-naturel-avec-closure-lace-frontal-colle-ruban-et-2-bonnets\/","url":"https:\/\/ekco-ci.com\/ecommerce\/produit\/partagez-ce-produit-perruque-naturel-avec-closure-lace-frontal-colle-ruban-et-2-bonnets\/","name":"Partagez ce produit Perruque Naturel Avec Closure Lace Frontal + Colle Ruban Et 2 Bonnets - Ekco Boutique","isPartOf":{"@id":"https:\/\/ekco-ci.com\/ecommerce\/#website"},"primaryImageOfPage":{"@id":"https:\/\/ekco-ci.com\/ecommerce\/produit\/partagez-ce-produit-perruque-naturel-avec-closure-lace-frontal-colle-ruban-et-2-bonnets\/#primaryimage"},"image":{"@id":"https:\/\/ekco-ci.com\/ecommerce\/produit\/partagez-ce-produit-perruque-naturel-avec-closure-lace-frontal-colle-ruban-et-2-bonnets\/#primaryimage"},"thumbnailUrl":"https:\/\/ekco-ci.com\/ecommerce\/wp-content\/uploads\/2026\/01\/2-7-2.jpg","datePublished":"2026-01-23T11:16:28+00:00","dateModified":"2026-01-23T11:16:29+00:00","breadcrumb":{"@id":"https:\/\/ekco-ci.com\/ecommerce\/produit\/partagez-ce-produit-perruque-naturel-avec-closure-lace-frontal-colle-ruban-et-2-bonnets\/#breadcrumb"},"inLanguage":"fr-FR","potentialAction":[{"@type":"ReadAction","target":["https:\/\/ekco-ci.com\/ecommerce\/produit\/partagez-ce-produit-perruque-naturel-avec-closure-lace-frontal-colle-ruban-et-2-bonnets\/"]}]},{"@type":"ImageObject","inLanguage":"fr-FR","@id":"https:\/\/ekco-ci.com\/ecommerce\/produit\/partagez-ce-produit-perruque-naturel-avec-closure-lace-frontal-colle-ruban-et-2-bonnets\/#primaryimage","url":"https:\/\/ekco-ci.com\/ecommerce\/wp-content\/uploads\/2026\/01\/2-7-2.jpg","contentUrl":"https:\/\/ekco-ci.com\/ecommerce\/wp-content\/uploads\/2026\/01\/2-7-2.jpg","width":680,"height":680},{"@type":"BreadcrumbList","@id":"https:\/\/ekco-ci.com\/ecommerce\/produit\/partagez-ce-produit-perruque-naturel-avec-closure-lace-frontal-colle-ruban-et-2-bonnets\/#breadcrumb","itemListElement":[{"@type":"ListItem","position":1,"name":"Home","item":"https:\/\/ekco-ci.com\/ecommerce\/"},{"@type":"ListItem","position":2,"name":"Boutique","item":"https:\/\/ekco-ci.com\/ecommerce\/boutique\/"},{"@type":"ListItem","position":3,"name":"Partagez ce produit Perruque Naturel Avec Closure Lace Frontal + Colle Ruban Et 2 Bonnets"}]},{"@type":"WebSite","@id":"https:\/\/ekco-ci.com\/ecommerce\/#website","url":"https:\/\/ekco-ci.com\/ecommerce\/","name":"Ekco Boutique","description":"Ekco Boutique! La qualit\u00e9 au c\u0153ur de chaque achat","publisher":{"@id":"https:\/\/ekco-ci.com\/ecommerce\/#organization"},"alternateName":"Boutique","potentialAction":[{"@type":"SearchAction","target":{"@type":"EntryPoint","urlTemplate":"https:\/\/ekco-ci.com\/ecommerce\/?s={search_term_string}"},"query-input":{"@type":"PropertyValueSpecification","valueRequired":true,"valueName":"search_term_string"}}],"inLanguage":"fr-FR"},{"@type":"Organization","@id":"https:\/\/ekco-ci.com\/ecommerce\/#organization","name":"Ekco Boutique","url":"https:\/\/ekco-ci.com\/ecommerce\/","logo":{"@type":"ImageObject","inLanguage":"fr-FR","@id":"https:\/\/ekco-ci.com\/ecommerce\/#\/schema\/logo\/image\/","url":"https:\/\/ekco-ci.com\/ecommerce\/wp-content\/uploads\/2024\/08\/cropped-lologo.png","contentUrl":"https:\/\/ekco-ci.com\/ecommerce\/wp-content\/uploads\/2024\/08\/cropped-lologo.png","width":512,"height":512,"caption":"Ekco Boutique"},"image":{"@id":"https:\/\/ekco-ci.com\/ecommerce\/#\/schema\/logo\/image\/"}}]}},"uagb_featured_image_src":{"full":["https:\/\/ekco-ci.com\/ecommerce\/wp-content\/uploads\/2026\/01\/2-7-2.jpg",680,680,false],"thumbnail":["https:\/\/ekco-ci.com\/ecommerce\/wp-content\/uploads\/2026\/01\/2-7-2-150x150.jpg",150,150,true],"medium":["https:\/\/ekco-ci.com\/ecommerce\/wp-content\/uploads\/2026\/01\/2-7-2-300x300.jpg",300,300,true],"medium_large":["https:\/\/ekco-ci.com\/ecommerce\/wp-content\/uploads\/2026\/01\/2-7-2.jpg",680,680,false],"large":["https:\/\/ekco-ci.com\/ecommerce\/wp-content\/uploads\/2026\/01\/2-7-2.jpg",680,680,false],"1536x1536":["https:\/\/ekco-ci.com\/ecommerce\/wp-content\/uploads\/2026\/01\/2-7-2.jpg",680,680,false],"2048x2048":["https:\/\/ekco-ci.com\/ecommerce\/wp-content\/uploads\/2026\/01\/2-7-2.jpg",680,680,false],"cfw_cart_thumb":["https:\/\/ekco-ci.com\/ecommerce\/wp-content\/uploads\/2026\/01\/2-7-2-60x60.jpg",60,60,true],"cfw_order_bump_thumb":["https:\/\/ekco-ci.com\/ecommerce\/wp-content\/uploads\/2026\/01\/2-7-2-320x320.jpg",320,320,true],"woocommerce_thumbnail":["https:\/\/ekco-ci.com\/ecommerce\/wp-content\/uploads\/2026\/01\/2-7-2-300x225.jpg",300,225,true],"woocommerce_single":["https:\/\/ekco-ci.com\/ecommerce\/wp-content\/uploads\/2026\/01\/2-7-2-600x600.jpg",600,600,true],"woocommerce_gallery_thumbnail":["https:\/\/ekco-ci.com\/ecommerce\/wp-content\/uploads\/2026\/01\/2-7-2-100x100.jpg",100,100,true]},"uagb_author_info":{"display_name":"Charlemagne Koula","author_link":"https:\/\/ekco-ci.com\/ecommerce\/author\/"},"uagb_comment_info":0,"uagb_excerpt":"Naturel et facile \u00e0 g\u00e9rer tout en vous donnant l&#8217;aspect naturel et durable de vos cheveux. Il y&#8217;a deux sangles [&hellip;]","_links":{"self":[{"href":"https:\/\/ekco-ci.com\/ecommerce\/wp-json\/wp\/v2\/product\/12756","targetHints":{"allow":["GET"]}}],"collection":[{"href":"https:\/\/ekco-ci.com\/ecommerce\/wp-json\/wp\/v2\/product"}],"about":[{"href":"https:\/\/ekco-ci.com\/ecommerce\/wp-json\/wp\/v2\/types\/product"}],"replies":[{"embeddable":true,"href":"https:\/\/ekco-ci.com\/ecommerce\/wp-json\/wp\/v2\/comments?post=12756"}],"wp:featuredmedia":[{"embeddable":true,"href":"https:\/\/ekco-ci.com\/ecommerce\/wp-json\/wp\/v2\/media\/12757"}],"wp:attachment":[{"href":"https:\/\/ekco-ci.com\/ecommerce\/wp-json\/wp\/v2\/media?parent=12756"}],"wp:term":[{"taxonomy":"product_brand","embeddable":true,"href":"https:\/\/ekco-ci.com\/ecommerce\/wp-json\/wp\/v2\/product_brand?post=12756"},{"taxonomy":"product_cat","embeddable":true,"href":"https:\/\/ekco-ci.com\/ecommerce\/wp-json\/wp\/v2\/product_cat?post=12756"},{"taxonomy":"product_tag","embeddable":true,"href":"https:\/\/ekco-ci.com\/ecommerce\/wp-json\/wp\/v2\/product_tag?post=12756"}],"curies":[{"name":"wp","href":"https:\/\/api.w.org\/{rel}","templated":true}]}}