{"id":11471,"date":"2025-01-16T12:05:03","date_gmt":"2025-01-16T12:05:03","guid":{"rendered":"https:\/\/ekco-ci.com\/ecommerce\/?post_type=product&#038;p=11471"},"modified":"2025-07-26T00:00:13","modified_gmt":"2025-07-26T00:00:13","slug":"pistolet-a-eau-haute-pression-de-voiture-jardin-sprinkler-lavage-de-voiture-buse-de-pulverisation","status":"publish","type":"product","link":"https:\/\/ekco-ci.com\/ecommerce\/produit\/pistolet-a-eau-haute-pression-de-voiture-jardin-sprinkler-lavage-de-voiture-buse-de-pulverisation\/","title":{"rendered":"Pistolet \u00e0 Eau Haute Pression De Voiture Jardin Sprinkler Lavage De Voiture Buse De Pulv\u00e9risation-"},"content":{"rendered":"<p><strong>Descriptions:<\/strong><br \/>\nMat\u00e9riel: ABS<br \/>\nTaille: 19*16.5cm<br \/>\nPoids: 275g<\/p>\n<p><strong>Forfait inclus:<\/strong><br \/>\n1 x haute pression pistolet \u00e0 eau<\/p>\n<p><strong>Caract\u00e9ristiques:<\/strong><br \/>\n1. mat\u00e9riel: Fait de haute qualit\u00e9 ABS et alliage d&#8217;aluminium, anti-vieillissement, anti-rouille et r\u00e9sistance \u00e0 l&#8217;usure.<br \/>\n2. mode de pulv\u00e9risation: buse rotative \u00e0 360 degr\u00e9s peut ajuster diff\u00e9rents modes de pulv\u00e9risation pour r\u00e9pondre \u00e0 vos diff\u00e9rents besoins.<br \/>\n3. pratique: grande buse, grand d\u00e9bit d&#8217;eau.<br \/>\n4. poign\u00e9e ergonomique: La poign\u00e9e est con\u00e7ue de mani\u00e8re ergonomique, antid\u00e9rapante, confortable \u00e0 tenir et \u00e9conome en main-d &#8216;\u0153uvre.<br \/>\n5. large \u00e9ventail d&#8217;utilisations: ce pistolet \u00e0 eau de machine \u00e0 laver peut \u00eatre utilis\u00e9 pour le lavage de voiture, le lavage des vitres, le nettoyage domestique, l&#8217;arrosage des jardins, l&#8217;irrigation agricole, etc.<br \/>\n6. facile \u00e0 utiliser: facile \u00e0 connecter, tr\u00e8s appropri\u00e9 pour une utilisation quotidienne.<\/p>\n<p><strong>Notes:<\/strong><br \/>\n1. s&#8217;il vous pla\u00eet permis 1-3mm diff\u00e9rences dues \u00e0 la mesure manuelle, merci pour votre compr\u00e9hension!<br \/>\n2. en raison de la diff\u00e9rence entre les diff\u00e9rents moniteurs, veuillez comprendre que l&#8217;image peut ne pas refl\u00e9ter la couleur r\u00e9elle<br \/>\n<img decoding=\"async\" src=\"https:\/\/ci.jumia.is\/cms\/external\/pet\/GE070CP1FIRL0NAFAMZ\/8759271b90c7ff1d9dbb55892ed00225.jpg\" alt=\"image\" data-src=\"https:\/\/ci.jumia.is\/cms\/external\/pet\/GE070CP1FIRL0NAFAMZ\/8759271b90c7ff1d9dbb55892ed00225.jpg\" \/><\/p>\n<p>&nbsp;<\/p>\n<p><img decoding=\"async\" src=\"https:\/\/ci.jumia.is\/cms\/external\/pet\/GE070CP1FIRL0NAFAMZ\/caf2718ac644793bbe7284a18000966a.jpg\" alt=\"image\" width=\"100%\" data-src=\"https:\/\/ci.jumia.is\/cms\/external\/pet\/GE070CP1FIRL0NAFAMZ\/caf2718ac644793bbe7284a18000966a.jpg\" \/><img decoding=\"async\" src=\"https:\/\/ci.jumia.is\/cms\/external\/pet\/GE070CP1FIRL0NAFAMZ\/2187866df6fff5e83db5b3e1d74cc177.jpg\" alt=\"image\" width=\"100%\" data-src=\"https:\/\/ci.jumia.is\/cms\/external\/pet\/GE070CP1FIRL0NAFAMZ\/2187866df6fff5e83db5b3e1d74cc177.jpg\" \/><img decoding=\"async\" src=\"https:\/\/ci.jumia.is\/cms\/external\/pet\/GE070CP1FIRL0NAFAMZ\/591b6614c297b2b0e4f2a447d1344181.jpg\" alt=\"image\" width=\"100%\" data-src=\"https:\/\/ci.jumia.is\/cms\/external\/pet\/GE070CP1FIRL0NAFAMZ\/591b6614c297b2b0e4f2a447d1344181.jpg\" \/><img decoding=\"async\" src=\"https:\/\/ci.jumia.is\/cms\/external\/pet\/GE070CP1FIRL0NAFAMZ\/6755c1fd15ff6fa4b7222679cc78eba6.jpg\" alt=\"image\" width=\"100%\" data-src=\"https:\/\/ci.jumia.is\/cms\/external\/pet\/GE070CP1FIRL0NAFAMZ\/6755c1fd15ff6fa4b7222679cc78eba6.jpg\" \/><img decoding=\"async\" src=\"https:\/\/ci.jumia.is\/cms\/external\/pet\/GE070CP1FIRL0NAFAMZ\/64cb17ec02a9df076f5d50959b509994.jpg\" alt=\"image\" width=\"100%\" data-src=\"https:\/\/ci.jumia.is\/cms\/external\/pet\/GE070CP1FIRL0NAFAMZ\/64cb17ec02a9df076f5d50959b509994.jpg\" \/><img decoding=\"async\" src=\"https:\/\/ci.jumia.is\/cms\/external\/pet\/GE070CP1FIRL0NAFAMZ\/5a4d67f0e32794c49054bdae3e127cfc.jpg\" alt=\"image\" width=\"100%\" data-src=\"https:\/\/ci.jumia.is\/cms\/external\/pet\/GE070CP1FIRL0NAFAMZ\/5a4d67f0e32794c49054bdae3e127cfc.jpg\" \/><img decoding=\"async\" src=\"https:\/\/ci.jumia.is\/cms\/external\/pet\/GE070CP1FIRL0NAFAMZ\/c69badd19a18d5c91cbf229f1de27dcd.jpg\" alt=\"image\" width=\"100%\" data-src=\"https:\/\/ci.jumia.is\/cms\/external\/pet\/GE070CP1FIRL0NAFAMZ\/c69badd19a18d5c91cbf229f1de27dcd.jpg\" \/><img decoding=\"async\" src=\"https:\/\/ci.jumia.is\/cms\/external\/pet\/GE070CP1FIRL0NAFAMZ\/5b1a10f1f83b16b746abc5374e5f16fc.jpg\" alt=\"image\" width=\"100%\" data-src=\"https:\/\/ci.jumia.is\/cms\/external\/pet\/GE070CP1FIRL0NAFAMZ\/5b1a10f1f83b16b746abc5374e5f16fc.jpg\" \/><img decoding=\"async\" src=\"https:\/\/ci.jumia.is\/cms\/external\/pet\/GE070CP1FIRL0NAFAMZ\/657667dec68a6993522bcb530b5884d9.jpg\" alt=\"image\" width=\"100%\" data-src=\"https:\/\/ci.jumia.is\/cms\/external\/pet\/GE070CP1FIRL0NAFAMZ\/657667dec68a6993522bcb530b5884d9.jpg\" \/><img decoding=\"async\" src=\"https:\/\/ci.jumia.is\/cms\/external\/pet\/GE070CP1FIRL0NAFAMZ\/52f2a1ab11f00187b6a5f86eb79cb7bf.jpg\" alt=\"image\" width=\"100%\" data-src=\"https:\/\/ci.jumia.is\/cms\/external\/pet\/GE070CP1FIRL0NAFAMZ\/52f2a1ab11f00187b6a5f86eb79cb7bf.jpg\" \/><\/p>\n","protected":false},"excerpt":{"rendered":"<p>Descriptions: Mat\u00e9riel: ABS Taille: 19*16.5cm Poids: 275g Forfait inclus: 1 x haute pression pistolet \u00e0 eau Caract\u00e9ristiques: 1. mat\u00e9riel: Fait [&hellip;]<\/p>\n","protected":false},"featured_media":11472,"comment_status":"open","ping_status":"closed","template":"","meta":{"_uag_custom_page_level_css":"","site-sidebar-layout":"default","site-content-layout":"","ast-site-content-layout":"default","site-content-style":"default","site-sidebar-style":"default","ast-global-header-display":"","ast-banner-title-visibility":"","ast-main-header-display":"","ast-hfb-above-header-display":"","ast-hfb-below-header-display":"","ast-hfb-mobile-header-display":"","site-post-title":"","ast-breadcrumbs-content":"","ast-featured-img":"","footer-sml-layout":"","ast-disable-related-posts":"","theme-transparent-header-meta":"default","adv-header-id-meta":"","stick-header-meta":"","header-above-stick-meta":"","header-main-stick-meta":"","header-below-stick-meta":"","astra-migrate-meta-layouts":"set","ast-page-background-enabled":"default","ast-page-background-meta":{"desktop":{"background-color":"var(--ast-global-color-4)","background-image":"","background-repeat":"repeat","background-position":"center center","background-size":"auto","background-attachment":"scroll","background-type":"","background-media":"","overlay-type":"","overlay-color":"","overlay-opacity":"","overlay-gradient":""},"tablet":{"background-color":"","background-image":"","background-repeat":"repeat","background-position":"center center","background-size":"auto","background-attachment":"scroll","background-type":"","background-media":"","overlay-type":"","overlay-color":"","overlay-opacity":"","overlay-gradient":""},"mobile":{"background-color":"","background-image":"","background-repeat":"repeat","background-position":"center center","background-size":"auto","background-attachment":"scroll","background-type":"","background-media":"","overlay-type":"","overlay-color":"","overlay-opacity":"","overlay-gradient":""}},"ast-content-background-meta":{"desktop":{"background-color":"var(--ast-global-color-5)","background-image":"","background-repeat":"repeat","background-position":"center center","background-size":"auto","background-attachment":"scroll","background-type":"","background-media":"","overlay-type":"","overlay-color":"","overlay-opacity":"","overlay-gradient":""},"tablet":{"background-color":"var(--ast-global-color-5)","background-image":"","background-repeat":"repeat","background-position":"center center","background-size":"auto","background-attachment":"scroll","background-type":"","background-media":"","overlay-type":"","overlay-color":"","overlay-opacity":"","overlay-gradient":""},"mobile":{"background-color":"var(--ast-global-color-5)","background-image":"","background-repeat":"repeat","background-position":"center center","background-size":"auto","background-attachment":"scroll","background-type":"","background-media":"","overlay-type":"","overlay-color":"","overlay-opacity":"","overlay-gradient":""}}},"product_brand":[],"product_cat":[1198,1191,1196,1197,240],"product_tag":[],"class_list":{"0":"post-11471","1":"product","2":"type-product","3":"status-publish","4":"has-post-thumbnail","6":"product_cat-buses-et-raccords-flexibles","7":"product_cat-entretien-auto-moto","8":"product_cat-entretien-exterieurs","9":"product_cat-equipement-de-lavage-de-voiture","10":"product_cat-voiture","11":"desktop-align-left","12":"tablet-align-left","13":"mobile-align-left","15":"first","16":"instock","17":"sale","18":"shipping-taxable","19":"purchasable","20":"product-type-simple"},"yoast_head":"<!-- This site is optimized with the Yoast SEO plugin v26.8 - https:\/\/yoast.com\/product\/yoast-seo-wordpress\/ -->\n<title>Pistolet \u00e0 Eau Haute Pression De Voiture Jardin Sprinkler Lavage De Voiture Buse De Pulv\u00e9risation- Ekco Boutique<\/title>\n<meta name=\"robots\" content=\"index, follow, max-snippet:-1, max-image-preview:large, max-video-preview:-1\" \/>\n<link rel=\"canonical\" href=\"https:\/\/ekco-ci.com\/ecommerce\/produit\/pistolet-a-eau-haute-pression-de-voiture-jardin-sprinkler-lavage-de-voiture-buse-de-pulverisation\/\" \/>\n<meta property=\"og:locale\" content=\"fr_FR\" \/>\n<meta property=\"og:type\" content=\"article\" \/>\n<meta property=\"og:title\" content=\"Pistolet \u00e0 Eau Haute Pression De Voiture Jardin Sprinkler Lavage De Voiture Buse De Pulv\u00e9risation- Ekco Boutique\" \/>\n<meta property=\"og:description\" content=\"Descriptions: Mat\u00e9riel: ABS Taille: 19*16.5cm Poids: 275g Forfait inclus: 1 x haute pression pistolet \u00e0 eau Caract\u00e9ristiques: 1. mat\u00e9riel: Fait [&hellip;]\" \/>\n<meta property=\"og:url\" content=\"https:\/\/ekco-ci.com\/ecommerce\/produit\/pistolet-a-eau-haute-pression-de-voiture-jardin-sprinkler-lavage-de-voiture-buse-de-pulverisation\/\" \/>\n<meta property=\"og:site_name\" content=\"Ekco Boutique\" \/>\n<meta property=\"article:modified_time\" content=\"2025-07-26T00:00:13+00:00\" \/>\n<meta property=\"og:image\" content=\"https:\/\/ekco-ci.com\/ecommerce\/wp-content\/uploads\/2025\/01\/8-7.jpg\" \/>\n\t<meta property=\"og:image:width\" content=\"500\" \/>\n\t<meta property=\"og:image:height\" content=\"500\" \/>\n\t<meta property=\"og:image:type\" content=\"image\/jpeg\" \/>\n<meta name=\"twitter:card\" content=\"summary_large_image\" \/>\n<meta name=\"twitter:label1\" content=\"Dur\u00e9e de lecture estim\u00e9e\" \/>\n\t<meta name=\"twitter:data1\" content=\"4 minutes\" \/>\n<script type=\"application\/ld+json\" class=\"yoast-schema-graph\">{\"@context\":\"https:\/\/schema.org\",\"@graph\":[{\"@type\":\"WebPage\",\"@id\":\"https:\/\/ekco-ci.com\/ecommerce\/produit\/pistolet-a-eau-haute-pression-de-voiture-jardin-sprinkler-lavage-de-voiture-buse-de-pulverisation\/\",\"url\":\"https:\/\/ekco-ci.com\/ecommerce\/produit\/pistolet-a-eau-haute-pression-de-voiture-jardin-sprinkler-lavage-de-voiture-buse-de-pulverisation\/\",\"name\":\"Pistolet \u00e0 Eau Haute Pression De Voiture Jardin Sprinkler Lavage De Voiture Buse De Pulv\u00e9risation- Ekco Boutique\",\"isPartOf\":{\"@id\":\"https:\/\/ekco-ci.com\/ecommerce\/#website\"},\"primaryImageOfPage\":{\"@id\":\"https:\/\/ekco-ci.com\/ecommerce\/produit\/pistolet-a-eau-haute-pression-de-voiture-jardin-sprinkler-lavage-de-voiture-buse-de-pulverisation\/#primaryimage\"},\"image\":{\"@id\":\"https:\/\/ekco-ci.com\/ecommerce\/produit\/pistolet-a-eau-haute-pression-de-voiture-jardin-sprinkler-lavage-de-voiture-buse-de-pulverisation\/#primaryimage\"},\"thumbnailUrl\":\"https:\/\/ekco-ci.com\/ecommerce\/wp-content\/uploads\/2025\/01\/8-7.jpg\",\"datePublished\":\"2025-01-16T12:05:03+00:00\",\"dateModified\":\"2025-07-26T00:00:13+00:00\",\"breadcrumb\":{\"@id\":\"https:\/\/ekco-ci.com\/ecommerce\/produit\/pistolet-a-eau-haute-pression-de-voiture-jardin-sprinkler-lavage-de-voiture-buse-de-pulverisation\/#breadcrumb\"},\"inLanguage\":\"fr-FR\",\"potentialAction\":[{\"@type\":\"ReadAction\",\"target\":[\"https:\/\/ekco-ci.com\/ecommerce\/produit\/pistolet-a-eau-haute-pression-de-voiture-jardin-sprinkler-lavage-de-voiture-buse-de-pulverisation\/\"]}]},{\"@type\":\"ImageObject\",\"inLanguage\":\"fr-FR\",\"@id\":\"https:\/\/ekco-ci.com\/ecommerce\/produit\/pistolet-a-eau-haute-pression-de-voiture-jardin-sprinkler-lavage-de-voiture-buse-de-pulverisation\/#primaryimage\",\"url\":\"https:\/\/ekco-ci.com\/ecommerce\/wp-content\/uploads\/2025\/01\/8-7.jpg\",\"contentUrl\":\"https:\/\/ekco-ci.com\/ecommerce\/wp-content\/uploads\/2025\/01\/8-7.jpg\",\"width\":500,\"height\":500},{\"@type\":\"BreadcrumbList\",\"@id\":\"https:\/\/ekco-ci.com\/ecommerce\/produit\/pistolet-a-eau-haute-pression-de-voiture-jardin-sprinkler-lavage-de-voiture-buse-de-pulverisation\/#breadcrumb\",\"itemListElement\":[{\"@type\":\"ListItem\",\"position\":1,\"name\":\"Home\",\"item\":\"https:\/\/ekco-ci.com\/ecommerce\/\"},{\"@type\":\"ListItem\",\"position\":2,\"name\":\"Boutique\",\"item\":\"https:\/\/ekco-ci.com\/ecommerce\/boutique\/\"},{\"@type\":\"ListItem\",\"position\":3,\"name\":\"Pistolet \u00e0 Eau Haute Pression De Voiture Jardin Sprinkler Lavage De Voiture Buse De Pulv\u00e9risation-\"}]},{\"@type\":\"WebSite\",\"@id\":\"https:\/\/ekco-ci.com\/ecommerce\/#website\",\"url\":\"https:\/\/ekco-ci.com\/ecommerce\/\",\"name\":\"Ekco Boutique\",\"description\":\"Ekco Boutique! La qualit\u00e9 au c\u0153ur de chaque achat\",\"publisher\":{\"@id\":\"https:\/\/ekco-ci.com\/ecommerce\/#organization\"},\"alternateName\":\"Boutique\",\"potentialAction\":[{\"@type\":\"SearchAction\",\"target\":{\"@type\":\"EntryPoint\",\"urlTemplate\":\"https:\/\/ekco-ci.com\/ecommerce\/?s={search_term_string}\"},\"query-input\":{\"@type\":\"PropertyValueSpecification\",\"valueRequired\":true,\"valueName\":\"search_term_string\"}}],\"inLanguage\":\"fr-FR\"},{\"@type\":\"Organization\",\"@id\":\"https:\/\/ekco-ci.com\/ecommerce\/#organization\",\"name\":\"Ekco Boutique\",\"url\":\"https:\/\/ekco-ci.com\/ecommerce\/\",\"logo\":{\"@type\":\"ImageObject\",\"inLanguage\":\"fr-FR\",\"@id\":\"https:\/\/ekco-ci.com\/ecommerce\/#\/schema\/logo\/image\/\",\"url\":\"https:\/\/ekco-ci.com\/ecommerce\/wp-content\/uploads\/2024\/08\/cropped-lologo.png\",\"contentUrl\":\"https:\/\/ekco-ci.com\/ecommerce\/wp-content\/uploads\/2024\/08\/cropped-lologo.png\",\"width\":512,\"height\":512,\"caption\":\"Ekco Boutique\"},\"image\":{\"@id\":\"https:\/\/ekco-ci.com\/ecommerce\/#\/schema\/logo\/image\/\"}}]}<\/script>\n<!-- \/ Yoast SEO plugin. -->","yoast_head_json":{"title":"Pistolet \u00e0 Eau Haute Pression De Voiture Jardin Sprinkler Lavage De Voiture Buse De Pulv\u00e9risation- Ekco Boutique","robots":{"index":"index","follow":"follow","max-snippet":"max-snippet:-1","max-image-preview":"max-image-preview:large","max-video-preview":"max-video-preview:-1"},"canonical":"https:\/\/ekco-ci.com\/ecommerce\/produit\/pistolet-a-eau-haute-pression-de-voiture-jardin-sprinkler-lavage-de-voiture-buse-de-pulverisation\/","og_locale":"fr_FR","og_type":"article","og_title":"Pistolet \u00e0 Eau Haute Pression De Voiture Jardin Sprinkler Lavage De Voiture Buse De Pulv\u00e9risation- Ekco Boutique","og_description":"Descriptions: Mat\u00e9riel: ABS Taille: 19*16.5cm Poids: 275g Forfait inclus: 1 x haute pression pistolet \u00e0 eau Caract\u00e9ristiques: 1. mat\u00e9riel: Fait [&hellip;]","og_url":"https:\/\/ekco-ci.com\/ecommerce\/produit\/pistolet-a-eau-haute-pression-de-voiture-jardin-sprinkler-lavage-de-voiture-buse-de-pulverisation\/","og_site_name":"Ekco Boutique","article_modified_time":"2025-07-26T00:00:13+00:00","og_image":[{"width":500,"height":500,"url":"https:\/\/ekco-ci.com\/ecommerce\/wp-content\/uploads\/2025\/01\/8-7.jpg","type":"image\/jpeg"}],"twitter_card":"summary_large_image","twitter_misc":{"Dur\u00e9e de lecture estim\u00e9e":"4 minutes"},"schema":{"@context":"https:\/\/schema.org","@graph":[{"@type":"WebPage","@id":"https:\/\/ekco-ci.com\/ecommerce\/produit\/pistolet-a-eau-haute-pression-de-voiture-jardin-sprinkler-lavage-de-voiture-buse-de-pulverisation\/","url":"https:\/\/ekco-ci.com\/ecommerce\/produit\/pistolet-a-eau-haute-pression-de-voiture-jardin-sprinkler-lavage-de-voiture-buse-de-pulverisation\/","name":"Pistolet \u00e0 Eau Haute Pression De Voiture Jardin Sprinkler Lavage De Voiture Buse De Pulv\u00e9risation- Ekco Boutique","isPartOf":{"@id":"https:\/\/ekco-ci.com\/ecommerce\/#website"},"primaryImageOfPage":{"@id":"https:\/\/ekco-ci.com\/ecommerce\/produit\/pistolet-a-eau-haute-pression-de-voiture-jardin-sprinkler-lavage-de-voiture-buse-de-pulverisation\/#primaryimage"},"image":{"@id":"https:\/\/ekco-ci.com\/ecommerce\/produit\/pistolet-a-eau-haute-pression-de-voiture-jardin-sprinkler-lavage-de-voiture-buse-de-pulverisation\/#primaryimage"},"thumbnailUrl":"https:\/\/ekco-ci.com\/ecommerce\/wp-content\/uploads\/2025\/01\/8-7.jpg","datePublished":"2025-01-16T12:05:03+00:00","dateModified":"2025-07-26T00:00:13+00:00","breadcrumb":{"@id":"https:\/\/ekco-ci.com\/ecommerce\/produit\/pistolet-a-eau-haute-pression-de-voiture-jardin-sprinkler-lavage-de-voiture-buse-de-pulverisation\/#breadcrumb"},"inLanguage":"fr-FR","potentialAction":[{"@type":"ReadAction","target":["https:\/\/ekco-ci.com\/ecommerce\/produit\/pistolet-a-eau-haute-pression-de-voiture-jardin-sprinkler-lavage-de-voiture-buse-de-pulverisation\/"]}]},{"@type":"ImageObject","inLanguage":"fr-FR","@id":"https:\/\/ekco-ci.com\/ecommerce\/produit\/pistolet-a-eau-haute-pression-de-voiture-jardin-sprinkler-lavage-de-voiture-buse-de-pulverisation\/#primaryimage","url":"https:\/\/ekco-ci.com\/ecommerce\/wp-content\/uploads\/2025\/01\/8-7.jpg","contentUrl":"https:\/\/ekco-ci.com\/ecommerce\/wp-content\/uploads\/2025\/01\/8-7.jpg","width":500,"height":500},{"@type":"BreadcrumbList","@id":"https:\/\/ekco-ci.com\/ecommerce\/produit\/pistolet-a-eau-haute-pression-de-voiture-jardin-sprinkler-lavage-de-voiture-buse-de-pulverisation\/#breadcrumb","itemListElement":[{"@type":"ListItem","position":1,"name":"Home","item":"https:\/\/ekco-ci.com\/ecommerce\/"},{"@type":"ListItem","position":2,"name":"Boutique","item":"https:\/\/ekco-ci.com\/ecommerce\/boutique\/"},{"@type":"ListItem","position":3,"name":"Pistolet \u00e0 Eau Haute Pression De Voiture Jardin Sprinkler Lavage De Voiture Buse De Pulv\u00e9risation-"}]},{"@type":"WebSite","@id":"https:\/\/ekco-ci.com\/ecommerce\/#website","url":"https:\/\/ekco-ci.com\/ecommerce\/","name":"Ekco Boutique","description":"Ekco Boutique! La qualit\u00e9 au c\u0153ur de chaque achat","publisher":{"@id":"https:\/\/ekco-ci.com\/ecommerce\/#organization"},"alternateName":"Boutique","potentialAction":[{"@type":"SearchAction","target":{"@type":"EntryPoint","urlTemplate":"https:\/\/ekco-ci.com\/ecommerce\/?s={search_term_string}"},"query-input":{"@type":"PropertyValueSpecification","valueRequired":true,"valueName":"search_term_string"}}],"inLanguage":"fr-FR"},{"@type":"Organization","@id":"https:\/\/ekco-ci.com\/ecommerce\/#organization","name":"Ekco Boutique","url":"https:\/\/ekco-ci.com\/ecommerce\/","logo":{"@type":"ImageObject","inLanguage":"fr-FR","@id":"https:\/\/ekco-ci.com\/ecommerce\/#\/schema\/logo\/image\/","url":"https:\/\/ekco-ci.com\/ecommerce\/wp-content\/uploads\/2024\/08\/cropped-lologo.png","contentUrl":"https:\/\/ekco-ci.com\/ecommerce\/wp-content\/uploads\/2024\/08\/cropped-lologo.png","width":512,"height":512,"caption":"Ekco Boutique"},"image":{"@id":"https:\/\/ekco-ci.com\/ecommerce\/#\/schema\/logo\/image\/"}}]}},"uagb_featured_image_src":{"full":["https:\/\/ekco-ci.com\/ecommerce\/wp-content\/uploads\/2025\/01\/8-7.jpg",500,500,false],"thumbnail":["https:\/\/ekco-ci.com\/ecommerce\/wp-content\/uploads\/2025\/01\/8-7-150x150.jpg",150,150,true],"medium":["https:\/\/ekco-ci.com\/ecommerce\/wp-content\/uploads\/2025\/01\/8-7-300x300.jpg",300,300,true],"medium_large":["https:\/\/ekco-ci.com\/ecommerce\/wp-content\/uploads\/2025\/01\/8-7.jpg",500,500,false],"large":["https:\/\/ekco-ci.com\/ecommerce\/wp-content\/uploads\/2025\/01\/8-7.jpg",500,500,false],"1536x1536":["https:\/\/ekco-ci.com\/ecommerce\/wp-content\/uploads\/2025\/01\/8-7.jpg",500,500,false],"2048x2048":["https:\/\/ekco-ci.com\/ecommerce\/wp-content\/uploads\/2025\/01\/8-7.jpg",500,500,false],"cfw_cart_thumb":["https:\/\/ekco-ci.com\/ecommerce\/wp-content\/uploads\/2025\/01\/8-7-60x60.jpg",60,60,true],"cfw_order_bump_thumb":["https:\/\/ekco-ci.com\/ecommerce\/wp-content\/uploads\/2025\/01\/8-7.jpg",320,320,false],"woocommerce_thumbnail":["https:\/\/ekco-ci.com\/ecommerce\/wp-content\/uploads\/2025\/01\/8-7-300x225.jpg",300,225,true],"woocommerce_single":["https:\/\/ekco-ci.com\/ecommerce\/wp-content\/uploads\/2025\/01\/8-7.jpg",500,500,false],"woocommerce_gallery_thumbnail":["https:\/\/ekco-ci.com\/ecommerce\/wp-content\/uploads\/2025\/01\/8-7-100x100.jpg",100,100,true]},"uagb_author_info":{"display_name":"Christabelle Moulo","author_link":"https:\/\/ekco-ci.com\/ecommerce\/author\/"},"uagb_comment_info":1,"uagb_excerpt":"Descriptions: Mat\u00e9riel: ABS Taille: 19*16.5cm Poids: 275g Forfait inclus: 1 x haute pression pistolet \u00e0 eau Caract\u00e9ristiques: 1. mat\u00e9riel: Fait [&hellip;]","_links":{"self":[{"href":"https:\/\/ekco-ci.com\/ecommerce\/wp-json\/wp\/v2\/product\/11471","targetHints":{"allow":["GET"]}}],"collection":[{"href":"https:\/\/ekco-ci.com\/ecommerce\/wp-json\/wp\/v2\/product"}],"about":[{"href":"https:\/\/ekco-ci.com\/ecommerce\/wp-json\/wp\/v2\/types\/product"}],"replies":[{"embeddable":true,"href":"https:\/\/ekco-ci.com\/ecommerce\/wp-json\/wp\/v2\/comments?post=11471"}],"wp:featuredmedia":[{"embeddable":true,"href":"https:\/\/ekco-ci.com\/ecommerce\/wp-json\/wp\/v2\/media\/11472"}],"wp:attachment":[{"href":"https:\/\/ekco-ci.com\/ecommerce\/wp-json\/wp\/v2\/media?parent=11471"}],"wp:term":[{"taxonomy":"product_brand","embeddable":true,"href":"https:\/\/ekco-ci.com\/ecommerce\/wp-json\/wp\/v2\/product_brand?post=11471"},{"taxonomy":"product_cat","embeddable":true,"href":"https:\/\/ekco-ci.com\/ecommerce\/wp-json\/wp\/v2\/product_cat?post=11471"},{"taxonomy":"product_tag","embeddable":true,"href":"https:\/\/ekco-ci.com\/ecommerce\/wp-json\/wp\/v2\/product_tag?post=11471"}],"curies":[{"name":"wp","href":"https:\/\/api.w.org\/{rel}","templated":true}]}}