{"id":10801,"date":"2024-12-13T11:03:17","date_gmt":"2024-12-13T11:03:17","guid":{"rendered":"https:\/\/ekco-ci.com\/ecommerce\/?post_type=product&#038;p=10801"},"modified":"2024-12-13T11:03:21","modified_gmt":"2024-12-13T11:03:21","slug":"onduleur-de-voiture-convertisseur-de-puissance-transformateur-prise-de-courant-pour-voiture-2","status":"publish","type":"product","link":"https:\/\/ekco-ci.com\/ecommerce\/produit\/onduleur-de-voiture-convertisseur-de-puissance-transformateur-prise-de-courant-pour-voiture-2\/","title":{"rendered":"Onduleur De Voiture, Convertisseur De Puissance, Transformateur\/prise De Courant Pour Voiture"},"content":{"rendered":"<p>Onduleur de voiture, convertisseur de puissance 12V24V \u00e0 220V, transformateur\/chargeur\/prise de courant pour voiture, charge rapide intelligente, protection contre les surintensit\u00e9s, \u00e9vite les pannes de courant, convient \u00e0 une vari\u00e9t\u00e9 de sc\u00e9narios<b><br \/>\n<\/b><b>Information produit:<\/b><\/p>\n<ul>\n<li>Nom : Onduleur de voiture<\/li>\n<li>Mat\u00e9riau : M\u00e9tal (coque)<\/li>\n<li>Couleur : Noir<\/li>\n<li>Taille : 18*11,7*5 cm<\/li>\n<li>Interface USB : Charge rapide 5 V (4 ports USB)<\/li>\n<li>Type de charge : Charge rapide QC3.0<\/li>\n<li>Trou pour allume-cigare : 2 trous pour allume-cigare<\/li>\n<li>Tension d&#8217;entr\u00e9e : 12 V\/24 V<\/li>\n<li>Tension de sortie : DC 220 V<\/li>\n<li>Puissance de cr\u00eate : 1 500 W<\/li>\n<li>Prise de sortie : Double prise (1) 3 prises (1)<\/li>\n<li>Longueur du cordon d&#8217;alimentation : 75 cm<\/li>\n<\/ul>\n<p><b>Caract\u00e9ristiques:<\/b><\/p>\n<ul>\n<li>\u2714\u00a0<b>Charge efficace\u00a0<\/b>: profitez d&#8217;un support pratique pour la charge rapide de 5 V de vos appareils avec notre onduleur de voiture. Plus besoin d&#8217;attendre des heures car sa fonction de charge rapide intelligente restaure rapidement l&#8217;alimentation de votre t\u00e9l\u00e9phone, tablette, ordinateur portable et autres gadgets.<\/li>\n<li>\u2714\u00a0<b>Protection de l&#8217;alimentation<\/b>\u00a0: gr\u00e2ce \u00e0 une technologie de pointe en mati\u00e8re de protection contre les surintensit\u00e9s, les courts-circuits et les circuits, notre onduleur de voiture offre une protection id\u00e9ale contre les inversions de connexion, les basses tensions et les surtensions. Prot\u00e9gez votre pr\u00e9cieux \u00e9quipement \u00e9lectrique.<\/li>\n<li>\u2714 Distribution avanc\u00e9e : gr\u00e2ce au syst\u00e8me de shunt intelligent, cet onduleur de voiture distribue la tension et le courant en fonction de chaque appareil pour une s\u00e9curit\u00e9 et une praticit\u00e9 maximales.<\/li>\n<li>\u2714 Interfaces USB am\u00e9lior\u00e9es : profitez de la commodit\u00e9 de plusieurs ports USB sans perte de puissance. Chargez plusieurs appareils \u00e0 la fois tout en g\u00e9rant efficacement votre consommation d&#8217;\u00e9nergie gr\u00e2ce au contr\u00f4le de l&#8217;alimentation \u00e0 une seule touche. R\u00e9pondez \u00e0 tous vos besoins de charge et profitez d&#8217;une charge plus rapide et plus s\u00fbre.<\/li>\n<li>\u2714Large gamme d&#8217;applications : lib\u00e9rez la puissance de la batterie de votre voiture avec cet onduleur qui peut prendre en charge un r\u00e9frig\u00e9rateur de voiture, un purificateur d&#8217;air haute puissance, un aspirateur, etc. Id\u00e9al pour les amateurs de plein air, il augmente la puissance de sortie pour des performances maximales.<\/li>\n<li>\u2714Am\u00e9liorez votre exp\u00e9rience de charge en voiture : notre onduleur pour voiture offre une charge plus intelligente et plus rapide avec une protection contre les surintensit\u00e9s pour une charge plus s\u00fbre. \u00c9vitez les pertes de puissance et profitez d&#8217;une alimentation \u00e9lectrique ininterrompue pour une plus large gamme de sc\u00e9narios.<\/li>\n<\/ul>\n<p><b><br \/>\n<\/b><b>Le forfait comprend :<\/b><\/p>\n<ul>\n<li>1 * Onduleur de voiture<\/li>\n<\/ul>\n<p><b>Avis:<\/b><\/p>\n<ul>\n<li>En raison de la mesure manuelle, veuillez permettre une l\u00e9g\u00e8re erreur de taille de 1 \u00e0 3 cm pour vous assurer que cela ne vous d\u00e9range pas avant de commander.<\/li>\n<li>En raison de la diff\u00e9rence entre les diff\u00e9rents moniteurs, l&#8217;image peut ne pas refl\u00e9ter la couleur r\u00e9elle du produit, veuillez comprendre !<\/li>\n<li>Je vous souhaite un bon shopping en ligne !<\/li>\n<\/ul>\n<p><img decoding=\"async\" class=\"desc-img-loaded\" src=\"https:\/\/ci.jumia.is\/cms\/external\/pet\/GE070CA0345Q4NAFAMZ\/519f9449a6849289fd6e66f9a968b580.jpg\" alt=\"image\" usemap=\"#_sdmap_1\" data-lazyload-=\"\" data-src=\"https:\/\/ci.jumia.is\/cms\/external\/pet\/GE070CA0345Q4NAFAMZ\/519f9449a6849289fd6e66f9a968b580.jpg\" \/><img decoding=\"async\" class=\"desc-img-loaded\" src=\"https:\/\/ci.jumia.is\/cms\/external\/pet\/GE070CA0345Q4NAFAMZ\/cad82662ae5abc9f55c10b38c426fa08.jpg\" alt=\"image\" usemap=\"#_sdmap_2\" data-lazyload-=\"\" data-src=\"https:\/\/ci.jumia.is\/cms\/external\/pet\/GE070CA0345Q4NAFAMZ\/cad82662ae5abc9f55c10b38c426fa08.jpg\" \/><img decoding=\"async\" class=\"desc-img-loaded\" src=\"https:\/\/cbu01.alicdn.com\/img\/ibank\/O1CN018IKyw82EGtk7i41Bu_!!2215683978718-0-cib.jpg\" alt=\"image\" usemap=\"#_sdmap_3\" data-lazyload-=\"\" data-src=\"https:\/\/cbu01.alicdn.com\/img\/ibank\/O1CN018IKyw82EGtk7i41Bu_!!2215683978718-0-cib.jpg\" \/><img decoding=\"async\" class=\"desc-img-loaded\" src=\"https:\/\/ci.jumia.is\/cms\/external\/pet\/GE070CA0345Q4NAFAMZ\/2ed86cec97eab3a3fdb3261064c12f74.jpg\" alt=\"image\" usemap=\"#_sdmap_4\" data-lazyload-=\"\" data-src=\"https:\/\/ci.jumia.is\/cms\/external\/pet\/GE070CA0345Q4NAFAMZ\/2ed86cec97eab3a3fdb3261064c12f74.jpg\" \/><img decoding=\"async\" class=\"desc-img-loaded\" src=\"https:\/\/ci.jumia.is\/cms\/external\/pet\/GE070CA0345Q4NAFAMZ\/b193624d826cd39e4bac2a6167ff2494.jpg\" alt=\"image\" usemap=\"#_sdmap_5\" data-lazyload-=\"\" data-src=\"https:\/\/ci.jumia.is\/cms\/external\/pet\/GE070CA0345Q4NAFAMZ\/b193624d826cd39e4bac2a6167ff2494.jpg\" \/><img decoding=\"async\" class=\"desc-img-loaded\" src=\"https:\/\/ci.jumia.is\/cms\/external\/pet\/GE070CA0345Q4NAFAMZ\/72a090dcd023e1a50cea1ca6190d4f54.jpg\" alt=\"image\" usemap=\"#_sdmap_6\" data-lazyload-=\"\" data-src=\"https:\/\/ci.jumia.is\/cms\/external\/pet\/GE070CA0345Q4NAFAMZ\/72a090dcd023e1a50cea1ca6190d4f54.jpg\" \/><img decoding=\"async\" class=\"desc-img-loaded\" src=\"https:\/\/ci.jumia.is\/cms\/external\/pet\/GE070CA0345Q4NAFAMZ\/52545121b21deef75822256f2c1a1d3b.jpg\" alt=\"image\" usemap=\"#_sdmap_7\" data-lazyload-=\"\" data-src=\"https:\/\/ci.jumia.is\/cms\/external\/pet\/GE070CA0345Q4NAFAMZ\/52545121b21deef75822256f2c1a1d3b.jpg\" \/><img decoding=\"async\" class=\"desc-img-loaded\" src=\"https:\/\/ci.jumia.is\/cms\/external\/pet\/GE070CA0345Q4NAFAMZ\/24de3e15a6f71bf6a0fff325accd80a9.jpg\" alt=\"image\" usemap=\"#_sdmap_8\" data-lazyload-=\"\" data-src=\"https:\/\/ci.jumia.is\/cms\/external\/pet\/GE070CA0345Q4NAFAMZ\/24de3e15a6f71bf6a0fff325accd80a9.jpg\" \/><img decoding=\"async\" class=\"desc-img-loaded\" src=\"https:\/\/ci.jumia.is\/cms\/external\/pet\/GE070CA0345Q4NAFAMZ\/5e77b9d3d758e085fa558565e19e2440.jpg\" alt=\"image\" usemap=\"#_sdmap_9\" data-lazyload-=\"\" data-src=\"https:\/\/ci.jumia.is\/cms\/external\/pet\/GE070CA0345Q4NAFAMZ\/5e77b9d3d758e085fa558565e19e2440.jpg\" \/><img decoding=\"async\" class=\"desc-img-loaded\" src=\"https:\/\/ci.jumia.is\/cms\/external\/pet\/GE070CA0345Q4NAFAMZ\/72e57e4e3091c11933a06cab9cbf130b.jpg\" alt=\"image\" usemap=\"#_sdmap_10\" data-lazyload-=\"\" data-src=\"https:\/\/ci.jumia.is\/cms\/external\/pet\/GE070CA0345Q4NAFAMZ\/72e57e4e3091c11933a06cab9cbf130b.jpg\" \/><img decoding=\"async\" class=\"desc-img-loaded\" src=\"https:\/\/ci.jumia.is\/cms\/external\/pet\/GE070CA0345Q4NAFAMZ\/0cd1291c600cb65f198742642e34b7f1.jpg\" alt=\"image\" usemap=\"#_sdmap_11\" data-lazyload-=\"\" data-src=\"https:\/\/ci.jumia.is\/cms\/external\/pet\/GE070CA0345Q4NAFAMZ\/0cd1291c600cb65f198742642e34b7f1.jpg\" \/><img decoding=\"async\" class=\"desc-img-loaded\" src=\"https:\/\/ci.jumia.is\/cms\/external\/pet\/GE070CA0345Q4NAFAMZ\/4053efd4472b3a0853200a5bbeb6b7de.jpg\" alt=\"image\" usemap=\"#_sdmap_12\" data-lazyload-=\"\" data-src=\"https:\/\/ci.jumia.is\/cms\/external\/pet\/GE070CA0345Q4NAFAMZ\/4053efd4472b3a0853200a5bbeb6b7de.jpg\" \/><img decoding=\"async\" class=\"desc-img-loaded\" src=\"https:\/\/cbu01.alicdn.com\/img\/ibank\/O1CN01NjKBI22EGtkD5jyI1_!!2215683978718-0-cib.jpg\" alt=\"image\" usemap=\"#_sdmap_13\" data-lazyload-=\"\" data-src=\"https:\/\/cbu01.alicdn.com\/img\/ibank\/O1CN01NjKBI22EGtkD5jyI1_!!2215683978718-0-cib.jpg\" \/><img decoding=\"async\" class=\"desc-img-loaded\" src=\"https:\/\/ci.jumia.is\/cms\/external\/pet\/GE070CA0345Q4NAFAMZ\/8cf452eeefe784eab5c349b490c1c380.jpg\" alt=\"image\" usemap=\"#_sdmap_14\" data-lazyload-=\"\" data-src=\"https:\/\/ci.jumia.is\/cms\/external\/pet\/GE070CA0345Q4NAFAMZ\/8cf452eeefe784eab5c349b490c1c380.jpg\" data-spm-anchor-id=\"a261y.7663282.module-new-desc.i0.6acd4c3914nSN2\" \/><img decoding=\"async\" class=\"desc-img-loaded\" src=\"https:\/\/ci.jumia.is\/cms\/external\/pet\/GE070CA0345Q4NAFAMZ\/7102707714ad1043cb46568b439bf4db.jpg\" alt=\"image\" usemap=\"#_sdmap_15\" data-lazyload-=\"\" data-src=\"https:\/\/ci.jumia.is\/cms\/external\/pet\/GE070CA0345Q4NAFAMZ\/7102707714ad1043cb46568b439bf4db.jpg\" data-spm-anchor-id=\"a261y.7663282.module-new-desc.i1.6acd4c3914nSN2\" \/><\/p>\n","protected":false},"excerpt":{"rendered":"<p>Onduleur de voiture, convertisseur de puissance 12V24V \u00e0 220V, transformateur\/chargeur\/prise de courant pour voiture, charge rapide intelligente, protection contre les [&hellip;]<\/p>\n","protected":false},"featured_media":10802,"comment_status":"open","ping_status":"closed","template":"","meta":{"_uag_custom_page_level_css":"","site-sidebar-layout":"default","site-content-layout":"","ast-site-content-layout":"default","site-content-style":"default","site-sidebar-style":"default","ast-global-header-display":"","ast-banner-title-visibility":"","ast-main-header-display":"","ast-hfb-above-header-display":"","ast-hfb-below-header-display":"","ast-hfb-mobile-header-display":"","site-post-title":"","ast-breadcrumbs-content":"","ast-featured-img":"","footer-sml-layout":"","ast-disable-related-posts":"","theme-transparent-header-meta":"default","adv-header-id-meta":"","stick-header-meta":"","header-above-stick-meta":"","header-main-stick-meta":"","header-below-stick-meta":"","astra-migrate-meta-layouts":"set","ast-page-background-enabled":"default","ast-page-background-meta":{"desktop":{"background-color":"var(--ast-global-color-4)","background-image":"","background-repeat":"repeat","background-position":"center center","background-size":"auto","background-attachment":"scroll","background-type":"","background-media":"","overlay-type":"","overlay-color":"","overlay-opacity":"","overlay-gradient":""},"tablet":{"background-color":"","background-image":"","background-repeat":"repeat","background-position":"center center","background-size":"auto","background-attachment":"scroll","background-type":"","background-media":"","overlay-type":"","overlay-color":"","overlay-opacity":"","overlay-gradient":""},"mobile":{"background-color":"","background-image":"","background-repeat":"repeat","background-position":"center center","background-size":"auto","background-attachment":"scroll","background-type":"","background-media":"","overlay-type":"","overlay-color":"","overlay-opacity":"","overlay-gradient":""}},"ast-content-background-meta":{"desktop":{"background-color":"var(--ast-global-color-5)","background-image":"","background-repeat":"repeat","background-position":"center center","background-size":"auto","background-attachment":"scroll","background-type":"","background-media":"","overlay-type":"","overlay-color":"","overlay-opacity":"","overlay-gradient":""},"tablet":{"background-color":"var(--ast-global-color-5)","background-image":"","background-repeat":"repeat","background-position":"center center","background-size":"auto","background-attachment":"scroll","background-type":"","background-media":"","overlay-type":"","overlay-color":"","overlay-opacity":"","overlay-gradient":""},"mobile":{"background-color":"var(--ast-global-color-5)","background-image":"","background-repeat":"repeat","background-position":"center center","background-size":"auto","background-attachment":"scroll","background-type":"","background-media":"","overlay-type":"","overlay-color":"","overlay-opacity":"","overlay-gradient":""}}},"product_brand":[],"product_cat":[1160,1159,1158,1161,240],"product_tag":[],"class_list":{"0":"post-10801","1":"product","2":"type-product","3":"status-publish","4":"has-post-thumbnail","6":"product_cat-accessoires-audio-video","7":"product_cat-accessoires-de-voiture","8":"product_cat-electronique-embarquee","9":"product_cat-onduleurs-de-puissance","10":"product_cat-voiture","11":"desktop-align-left","12":"tablet-align-left","13":"mobile-align-left","15":"first","16":"instock","17":"sale","18":"shipping-taxable","19":"purchasable","20":"product-type-simple"},"yoast_head":"<!-- This site is optimized with the Yoast SEO plugin v26.8 - https:\/\/yoast.com\/product\/yoast-seo-wordpress\/ -->\n<title>Onduleur De Voiture, Convertisseur De Puissance, Transformateur\/prise De Courant Pour Voiture - Ekco Boutique<\/title>\n<meta name=\"robots\" content=\"index, follow, max-snippet:-1, max-image-preview:large, max-video-preview:-1\" \/>\n<link rel=\"canonical\" href=\"https:\/\/ekco-ci.com\/ecommerce\/produit\/onduleur-de-voiture-convertisseur-de-puissance-transformateur-prise-de-courant-pour-voiture-2\/\" \/>\n<meta property=\"og:locale\" content=\"fr_FR\" \/>\n<meta property=\"og:type\" content=\"article\" \/>\n<meta property=\"og:title\" content=\"Onduleur De Voiture, Convertisseur De Puissance, Transformateur\/prise De Courant Pour Voiture - Ekco Boutique\" \/>\n<meta property=\"og:description\" content=\"Onduleur de voiture, convertisseur de puissance 12V24V \u00e0 220V, transformateur\/chargeur\/prise de courant pour voiture, charge rapide intelligente, protection contre les [&hellip;]\" \/>\n<meta property=\"og:url\" content=\"https:\/\/ekco-ci.com\/ecommerce\/produit\/onduleur-de-voiture-convertisseur-de-puissance-transformateur-prise-de-courant-pour-voiture-2\/\" \/>\n<meta property=\"og:site_name\" content=\"Ekco Boutique\" \/>\n<meta property=\"article:modified_time\" content=\"2024-12-13T11:03:21+00:00\" \/>\n<meta property=\"og:image\" content=\"https:\/\/ekco-ci.com\/ecommerce\/wp-content\/uploads\/2024\/12\/7-2-3.jpg\" \/>\n\t<meta property=\"og:image:width\" content=\"500\" \/>\n\t<meta property=\"og:image:height\" content=\"500\" \/>\n\t<meta property=\"og:image:type\" content=\"image\/jpeg\" \/>\n<meta name=\"twitter:card\" content=\"summary_large_image\" \/>\n<meta name=\"twitter:label1\" content=\"Dur\u00e9e de lecture estim\u00e9e\" \/>\n\t<meta name=\"twitter:data1\" content=\"6 minutes\" \/>\n<script type=\"application\/ld+json\" class=\"yoast-schema-graph\">{\"@context\":\"https:\/\/schema.org\",\"@graph\":[{\"@type\":\"WebPage\",\"@id\":\"https:\/\/ekco-ci.com\/ecommerce\/produit\/onduleur-de-voiture-convertisseur-de-puissance-transformateur-prise-de-courant-pour-voiture-2\/\",\"url\":\"https:\/\/ekco-ci.com\/ecommerce\/produit\/onduleur-de-voiture-convertisseur-de-puissance-transformateur-prise-de-courant-pour-voiture-2\/\",\"name\":\"Onduleur De Voiture, Convertisseur De Puissance, Transformateur\/prise De Courant Pour Voiture - Ekco Boutique\",\"isPartOf\":{\"@id\":\"https:\/\/ekco-ci.com\/ecommerce\/#website\"},\"primaryImageOfPage\":{\"@id\":\"https:\/\/ekco-ci.com\/ecommerce\/produit\/onduleur-de-voiture-convertisseur-de-puissance-transformateur-prise-de-courant-pour-voiture-2\/#primaryimage\"},\"image\":{\"@id\":\"https:\/\/ekco-ci.com\/ecommerce\/produit\/onduleur-de-voiture-convertisseur-de-puissance-transformateur-prise-de-courant-pour-voiture-2\/#primaryimage\"},\"thumbnailUrl\":\"https:\/\/ekco-ci.com\/ecommerce\/wp-content\/uploads\/2024\/12\/7-2-3.jpg\",\"datePublished\":\"2024-12-13T11:03:17+00:00\",\"dateModified\":\"2024-12-13T11:03:21+00:00\",\"breadcrumb\":{\"@id\":\"https:\/\/ekco-ci.com\/ecommerce\/produit\/onduleur-de-voiture-convertisseur-de-puissance-transformateur-prise-de-courant-pour-voiture-2\/#breadcrumb\"},\"inLanguage\":\"fr-FR\",\"potentialAction\":[{\"@type\":\"ReadAction\",\"target\":[\"https:\/\/ekco-ci.com\/ecommerce\/produit\/onduleur-de-voiture-convertisseur-de-puissance-transformateur-prise-de-courant-pour-voiture-2\/\"]}]},{\"@type\":\"ImageObject\",\"inLanguage\":\"fr-FR\",\"@id\":\"https:\/\/ekco-ci.com\/ecommerce\/produit\/onduleur-de-voiture-convertisseur-de-puissance-transformateur-prise-de-courant-pour-voiture-2\/#primaryimage\",\"url\":\"https:\/\/ekco-ci.com\/ecommerce\/wp-content\/uploads\/2024\/12\/7-2-3.jpg\",\"contentUrl\":\"https:\/\/ekco-ci.com\/ecommerce\/wp-content\/uploads\/2024\/12\/7-2-3.jpg\",\"width\":500,\"height\":500},{\"@type\":\"BreadcrumbList\",\"@id\":\"https:\/\/ekco-ci.com\/ecommerce\/produit\/onduleur-de-voiture-convertisseur-de-puissance-transformateur-prise-de-courant-pour-voiture-2\/#breadcrumb\",\"itemListElement\":[{\"@type\":\"ListItem\",\"position\":1,\"name\":\"Home\",\"item\":\"https:\/\/ekco-ci.com\/ecommerce\/\"},{\"@type\":\"ListItem\",\"position\":2,\"name\":\"Boutique\",\"item\":\"https:\/\/ekco-ci.com\/ecommerce\/boutique\/\"},{\"@type\":\"ListItem\",\"position\":3,\"name\":\"Onduleur De Voiture, Convertisseur De Puissance, Transformateur\/prise De Courant Pour Voiture\"}]},{\"@type\":\"WebSite\",\"@id\":\"https:\/\/ekco-ci.com\/ecommerce\/#website\",\"url\":\"https:\/\/ekco-ci.com\/ecommerce\/\",\"name\":\"Ekco Boutique\",\"description\":\"Ekco Boutique! La qualit\u00e9 au c\u0153ur de chaque achat\",\"publisher\":{\"@id\":\"https:\/\/ekco-ci.com\/ecommerce\/#organization\"},\"alternateName\":\"Boutique\",\"potentialAction\":[{\"@type\":\"SearchAction\",\"target\":{\"@type\":\"EntryPoint\",\"urlTemplate\":\"https:\/\/ekco-ci.com\/ecommerce\/?s={search_term_string}\"},\"query-input\":{\"@type\":\"PropertyValueSpecification\",\"valueRequired\":true,\"valueName\":\"search_term_string\"}}],\"inLanguage\":\"fr-FR\"},{\"@type\":\"Organization\",\"@id\":\"https:\/\/ekco-ci.com\/ecommerce\/#organization\",\"name\":\"Ekco Boutique\",\"url\":\"https:\/\/ekco-ci.com\/ecommerce\/\",\"logo\":{\"@type\":\"ImageObject\",\"inLanguage\":\"fr-FR\",\"@id\":\"https:\/\/ekco-ci.com\/ecommerce\/#\/schema\/logo\/image\/\",\"url\":\"https:\/\/ekco-ci.com\/ecommerce\/wp-content\/uploads\/2024\/08\/cropped-lologo.png\",\"contentUrl\":\"https:\/\/ekco-ci.com\/ecommerce\/wp-content\/uploads\/2024\/08\/cropped-lologo.png\",\"width\":512,\"height\":512,\"caption\":\"Ekco Boutique\"},\"image\":{\"@id\":\"https:\/\/ekco-ci.com\/ecommerce\/#\/schema\/logo\/image\/\"}}]}<\/script>\n<!-- \/ Yoast SEO plugin. -->","yoast_head_json":{"title":"Onduleur De Voiture, Convertisseur De Puissance, Transformateur\/prise De Courant Pour Voiture - Ekco Boutique","robots":{"index":"index","follow":"follow","max-snippet":"max-snippet:-1","max-image-preview":"max-image-preview:large","max-video-preview":"max-video-preview:-1"},"canonical":"https:\/\/ekco-ci.com\/ecommerce\/produit\/onduleur-de-voiture-convertisseur-de-puissance-transformateur-prise-de-courant-pour-voiture-2\/","og_locale":"fr_FR","og_type":"article","og_title":"Onduleur De Voiture, Convertisseur De Puissance, Transformateur\/prise De Courant Pour Voiture - Ekco Boutique","og_description":"Onduleur de voiture, convertisseur de puissance 12V24V \u00e0 220V, transformateur\/chargeur\/prise de courant pour voiture, charge rapide intelligente, protection contre les [&hellip;]","og_url":"https:\/\/ekco-ci.com\/ecommerce\/produit\/onduleur-de-voiture-convertisseur-de-puissance-transformateur-prise-de-courant-pour-voiture-2\/","og_site_name":"Ekco Boutique","article_modified_time":"2024-12-13T11:03:21+00:00","og_image":[{"width":500,"height":500,"url":"https:\/\/ekco-ci.com\/ecommerce\/wp-content\/uploads\/2024\/12\/7-2-3.jpg","type":"image\/jpeg"}],"twitter_card":"summary_large_image","twitter_misc":{"Dur\u00e9e de lecture estim\u00e9e":"6 minutes"},"schema":{"@context":"https:\/\/schema.org","@graph":[{"@type":"WebPage","@id":"https:\/\/ekco-ci.com\/ecommerce\/produit\/onduleur-de-voiture-convertisseur-de-puissance-transformateur-prise-de-courant-pour-voiture-2\/","url":"https:\/\/ekco-ci.com\/ecommerce\/produit\/onduleur-de-voiture-convertisseur-de-puissance-transformateur-prise-de-courant-pour-voiture-2\/","name":"Onduleur De Voiture, Convertisseur De Puissance, Transformateur\/prise De Courant Pour Voiture - Ekco Boutique","isPartOf":{"@id":"https:\/\/ekco-ci.com\/ecommerce\/#website"},"primaryImageOfPage":{"@id":"https:\/\/ekco-ci.com\/ecommerce\/produit\/onduleur-de-voiture-convertisseur-de-puissance-transformateur-prise-de-courant-pour-voiture-2\/#primaryimage"},"image":{"@id":"https:\/\/ekco-ci.com\/ecommerce\/produit\/onduleur-de-voiture-convertisseur-de-puissance-transformateur-prise-de-courant-pour-voiture-2\/#primaryimage"},"thumbnailUrl":"https:\/\/ekco-ci.com\/ecommerce\/wp-content\/uploads\/2024\/12\/7-2-3.jpg","datePublished":"2024-12-13T11:03:17+00:00","dateModified":"2024-12-13T11:03:21+00:00","breadcrumb":{"@id":"https:\/\/ekco-ci.com\/ecommerce\/produit\/onduleur-de-voiture-convertisseur-de-puissance-transformateur-prise-de-courant-pour-voiture-2\/#breadcrumb"},"inLanguage":"fr-FR","potentialAction":[{"@type":"ReadAction","target":["https:\/\/ekco-ci.com\/ecommerce\/produit\/onduleur-de-voiture-convertisseur-de-puissance-transformateur-prise-de-courant-pour-voiture-2\/"]}]},{"@type":"ImageObject","inLanguage":"fr-FR","@id":"https:\/\/ekco-ci.com\/ecommerce\/produit\/onduleur-de-voiture-convertisseur-de-puissance-transformateur-prise-de-courant-pour-voiture-2\/#primaryimage","url":"https:\/\/ekco-ci.com\/ecommerce\/wp-content\/uploads\/2024\/12\/7-2-3.jpg","contentUrl":"https:\/\/ekco-ci.com\/ecommerce\/wp-content\/uploads\/2024\/12\/7-2-3.jpg","width":500,"height":500},{"@type":"BreadcrumbList","@id":"https:\/\/ekco-ci.com\/ecommerce\/produit\/onduleur-de-voiture-convertisseur-de-puissance-transformateur-prise-de-courant-pour-voiture-2\/#breadcrumb","itemListElement":[{"@type":"ListItem","position":1,"name":"Home","item":"https:\/\/ekco-ci.com\/ecommerce\/"},{"@type":"ListItem","position":2,"name":"Boutique","item":"https:\/\/ekco-ci.com\/ecommerce\/boutique\/"},{"@type":"ListItem","position":3,"name":"Onduleur De Voiture, Convertisseur De Puissance, Transformateur\/prise De Courant Pour Voiture"}]},{"@type":"WebSite","@id":"https:\/\/ekco-ci.com\/ecommerce\/#website","url":"https:\/\/ekco-ci.com\/ecommerce\/","name":"Ekco Boutique","description":"Ekco Boutique! La qualit\u00e9 au c\u0153ur de chaque achat","publisher":{"@id":"https:\/\/ekco-ci.com\/ecommerce\/#organization"},"alternateName":"Boutique","potentialAction":[{"@type":"SearchAction","target":{"@type":"EntryPoint","urlTemplate":"https:\/\/ekco-ci.com\/ecommerce\/?s={search_term_string}"},"query-input":{"@type":"PropertyValueSpecification","valueRequired":true,"valueName":"search_term_string"}}],"inLanguage":"fr-FR"},{"@type":"Organization","@id":"https:\/\/ekco-ci.com\/ecommerce\/#organization","name":"Ekco Boutique","url":"https:\/\/ekco-ci.com\/ecommerce\/","logo":{"@type":"ImageObject","inLanguage":"fr-FR","@id":"https:\/\/ekco-ci.com\/ecommerce\/#\/schema\/logo\/image\/","url":"https:\/\/ekco-ci.com\/ecommerce\/wp-content\/uploads\/2024\/08\/cropped-lologo.png","contentUrl":"https:\/\/ekco-ci.com\/ecommerce\/wp-content\/uploads\/2024\/08\/cropped-lologo.png","width":512,"height":512,"caption":"Ekco Boutique"},"image":{"@id":"https:\/\/ekco-ci.com\/ecommerce\/#\/schema\/logo\/image\/"}}]}},"uagb_featured_image_src":{"full":["https:\/\/ekco-ci.com\/ecommerce\/wp-content\/uploads\/2024\/12\/7-2-3.jpg",500,500,false],"thumbnail":["https:\/\/ekco-ci.com\/ecommerce\/wp-content\/uploads\/2024\/12\/7-2-3-150x150.jpg",150,150,true],"medium":["https:\/\/ekco-ci.com\/ecommerce\/wp-content\/uploads\/2024\/12\/7-2-3-300x300.jpg",300,300,true],"medium_large":["https:\/\/ekco-ci.com\/ecommerce\/wp-content\/uploads\/2024\/12\/7-2-3.jpg",500,500,false],"large":["https:\/\/ekco-ci.com\/ecommerce\/wp-content\/uploads\/2024\/12\/7-2-3.jpg",500,500,false],"1536x1536":["https:\/\/ekco-ci.com\/ecommerce\/wp-content\/uploads\/2024\/12\/7-2-3.jpg",500,500,false],"2048x2048":["https:\/\/ekco-ci.com\/ecommerce\/wp-content\/uploads\/2024\/12\/7-2-3.jpg",500,500,false],"cfw_cart_thumb":["https:\/\/ekco-ci.com\/ecommerce\/wp-content\/uploads\/2024\/12\/7-2-3-60x60.jpg",60,60,true],"cfw_order_bump_thumb":["https:\/\/ekco-ci.com\/ecommerce\/wp-content\/uploads\/2024\/12\/7-2-3.jpg",320,320,false],"woocommerce_thumbnail":["https:\/\/ekco-ci.com\/ecommerce\/wp-content\/uploads\/2024\/12\/7-2-3-300x225.jpg",300,225,true],"woocommerce_single":["https:\/\/ekco-ci.com\/ecommerce\/wp-content\/uploads\/2024\/12\/7-2-3.jpg",500,500,false],"woocommerce_gallery_thumbnail":["https:\/\/ekco-ci.com\/ecommerce\/wp-content\/uploads\/2024\/12\/7-2-3-100x100.jpg",100,100,true]},"uagb_author_info":{"display_name":"Christabelle Moulo","author_link":"https:\/\/ekco-ci.com\/ecommerce\/author\/"},"uagb_comment_info":0,"uagb_excerpt":"Onduleur de voiture, convertisseur de puissance 12V24V \u00e0 220V, transformateur\/chargeur\/prise de courant pour voiture, charge rapide intelligente, protection contre les [&hellip;]","_links":{"self":[{"href":"https:\/\/ekco-ci.com\/ecommerce\/wp-json\/wp\/v2\/product\/10801","targetHints":{"allow":["GET"]}}],"collection":[{"href":"https:\/\/ekco-ci.com\/ecommerce\/wp-json\/wp\/v2\/product"}],"about":[{"href":"https:\/\/ekco-ci.com\/ecommerce\/wp-json\/wp\/v2\/types\/product"}],"replies":[{"embeddable":true,"href":"https:\/\/ekco-ci.com\/ecommerce\/wp-json\/wp\/v2\/comments?post=10801"}],"wp:featuredmedia":[{"embeddable":true,"href":"https:\/\/ekco-ci.com\/ecommerce\/wp-json\/wp\/v2\/media\/10802"}],"wp:attachment":[{"href":"https:\/\/ekco-ci.com\/ecommerce\/wp-json\/wp\/v2\/media?parent=10801"}],"wp:term":[{"taxonomy":"product_brand","embeddable":true,"href":"https:\/\/ekco-ci.com\/ecommerce\/wp-json\/wp\/v2\/product_brand?post=10801"},{"taxonomy":"product_cat","embeddable":true,"href":"https:\/\/ekco-ci.com\/ecommerce\/wp-json\/wp\/v2\/product_cat?post=10801"},{"taxonomy":"product_tag","embeddable":true,"href":"https:\/\/ekco-ci.com\/ecommerce\/wp-json\/wp\/v2\/product_tag?post=10801"}],"curies":[{"name":"wp","href":"https:\/\/api.w.org\/{rel}","templated":true}]}}